{"id":2975,"date":"2020-04-18T14:15:33","date_gmt":"2020-04-18T12:15:33","guid":{"rendered":"https:\/\/2020.spain.wordcamp.org\/?post_type=wcb_session&#038;p=2975"},"modified":"2020-05-09T21:10:21","modified_gmt":"2020-05-09T19:10:21","slug":"el-principio-de-minimo-privilegio","status":"publish","type":"wcb_session","link":"https:\/\/spain.wordcamp.org\/2020\/session\/el-principio-de-minimo-privilegio\/","title":{"rendered":"El principio de m\u00ednimo privilegio"},"content":{"rendered":"\n<p class=\"wp-block-paragraph\">La colaboraci\u00f3n es una de las cualidades que hace que la comunidad de WordPress sea tan fuerte. \u00bfPero c\u00f3mo colaborar de manera segura para todas las partes? <\/p>\n\n\n\n<p class=\"wp-block-paragraph\">Esta charla r\u00e1pida tiene el objetivo de introducir el principio del m\u00ednimo privilegio a programadores y no programadores por igual. En tan solo 10 minutos vamos a hablar sobre este principio tan importante en la inform\u00e1tica y c\u00f3mo puede ayudarnos a mantener nuestros sitios web (o los de nuestros clientes) seguros.<\/p>\n\n\n\n<figure class=\"wp-block-embed-wordpress-tv wp-block-embed is-type-video wp-embed-aspect-16-9 wp-has-aspect-ratio\"><div class=\"wp-block-embed__wrapper\">\n<iframe title=\"VideoPress Video Player\" aria-label='VideoPress Video Player' width='640' height='360' src='https:\/\/video.wordpress.com\/embed\/4tQt8hdu?hd=1&amp;cover=1' frameborder='0' allowfullscreen allow='clipboard-write'><\/iframe><script src='https:\/\/v0.wordpress.com\/js\/next\/videopress-iframe.js?m=1674852142'><\/script>\n<\/div><\/figure>\n","protected":false},"excerpt":{"rendered":"<p>La colaboraci\u00f3n es una de las cualidades que hace que la comunidad de WordPress sea tan fuerte. \u00bfPero c\u00f3mo colaborar de manera segura para todas las partes? Esta charla r\u00e1pida tiene el objetivo de introducir el principio del m\u00ednimo privilegio a programadores y no programadores por igual. En tan solo 10 minutos vamos a hablar &hellip; <a href=\"https:\/\/spain.wordcamp.org\/2020\/session\/el-principio-de-minimo-privilegio\/\" class=\"more-link\">Sigue leyendo<span class=\"screen-reader-text\"> \u00abEl principio de m\u00ednimo privilegio\u00bb<\/span><\/a><\/p>\n","protected":false},"author":15811582,"featured_media":0,"template":"","meta":{"_crdt_document":"","jetpack_post_was_ever_published":false,"_wcpt_session_time":1588780800,"_wcpt_session_duration":600,"_wcpt_session_type":"session","_wcpt_session_slides":"https:\/\/2020.spain.wordcamp.org\/files\/2020\/05\/06A04_03_el-principio-de-minimo-privilegio-gerson-ruiz-imagenes-estaticas.pdf","_wcpt_session_video":"http:\/\/wordpress.tv\/2020\/05\/09\/gerson-ruiz-el-principio-de-minimo-privilegio\/","_wcpt_speaker_id":[2865],"footnotes":""},"session_track":[36],"session_category":[],"class_list":["post-2975","wcb_session","type-wcb_session","status-publish","hentry","wcb_track-sala-a"],"jetpack_sharing_enabled":true,"session_date_time":{"date":"6 de mayo de 2020","time":"18:00"},"session_speakers":[{"id":"2865","slug":"gerson-ruiz","name":"Gerson Ruiz","link":"https:\/\/spain.wordcamp.org\/2020\/speaker\/gerson-ruiz\/"}],"session_cats_rendered":null,"_links":{"self":[{"href":"https:\/\/spain.wordcamp.org\/2020\/wp-json\/wp\/v2\/sessions\/2975","targetHints":{"allow":["GET"]}}],"collection":[{"href":"https:\/\/spain.wordcamp.org\/2020\/wp-json\/wp\/v2\/sessions"}],"about":[{"href":"https:\/\/spain.wordcamp.org\/2020\/wp-json\/wp\/v2\/types\/wcb_session"}],"version-history":[{"count":2,"href":"https:\/\/spain.wordcamp.org\/2020\/wp-json\/wp\/v2\/sessions\/2975\/revisions"}],"predecessor-version":[{"id":7998,"href":"https:\/\/spain.wordcamp.org\/2020\/wp-json\/wp\/v2\/sessions\/2975\/revisions\/7998"}],"speakers":[{"embeddable":true,"href":"https:\/\/spain.wordcamp.org\/2020\/wp-json\/wp\/v2\/speakers\/2865"}],"author":[{"embeddable":true,"href":"https:\/\/spain.wordcamp.org\/2020\/wp-json\/wporg\/v1\/users\/imgersonr"}],"wp:attachment":[{"href":"https:\/\/spain.wordcamp.org\/2020\/wp-json\/wp\/v2\/media?parent=2975"}],"wp:term":[{"taxonomy":"wcb_track","embeddable":true,"href":"https:\/\/spain.wordcamp.org\/2020\/wp-json\/wp\/v2\/session_track?post=2975"},{"taxonomy":"wcb_session_category","embeddable":true,"href":"https:\/\/spain.wordcamp.org\/2020\/wp-json\/wp\/v2\/session_category?post=2975"}],"curies":[{"name":"wp","href":"https:\/\/api.w.org\/{rel}","templated":true}]}}

El principio de mínimo privilegio

<p class="wp-block-paragraph">La colaboración es una de las cualidades que hace que la comunidad de WordPress sea tan fuerte. ¿Pero cómo colaborar de manera segura para todas las partes? </p>



<p class="wp-block-paragraph">Esta charla rápida tiene el objetivo de introducir el principio del mínimo privilegio a programadores y no programadores por igual. En tan solo 10 minutos vamos a hablar sobre este principio tan importante en la informática y cómo puede ayudarnos a mantener nuestros sitios web (o los de nuestros clientes) seguros.</p>



<figure class="wp-block-embed-wordpress-tv wp-block-embed is-type-video wp-embed-aspect-16-9 wp-has-aspect-ratio"><div class="wp-block-embed__wrapper">
<iframe title="VideoPress Video Player" aria-label='VideoPress Video Player' width='640' height='360' src='https://video.wordpress.com/embed/4tQt8hdu?hd=1&amp;cover=1' frameborder='0' allowfullscreen allow='clipboard-write'></iframe><script src='https://v0.wordpress.com/js/next/videopress-iframe.js?m=1674852142'></script>
</div></figure>

<p>La colaboración es una de las cualidades que hace que la comunidad de WordPress sea tan fuerte. ¿Pero cómo colaborar de manera segura para todas las partes? Esta charla rápida tiene el objetivo de introducir el principio del mínimo privilegio a programadores y no programadores por igual. En tan solo 10 minutos vamos a hablar &hellip; <a href="https://spain.wordcamp.org/2020/session/el-principio-de-minimo-privilegio/" class="more-link">Sigue leyendo<span class="screen-reader-text"> «El principio de mínimo privilegio»</span></a></p>
