{"id":2983,"date":"2020-04-18T14:19:19","date_gmt":"2020-04-18T12:19:19","guid":{"rendered":"https:\/\/2020.spain.wordcamp.org\/?post_type=wcb_session&#038;p=2983"},"modified":"2020-05-09T17:44:51","modified_gmt":"2020-05-09T15:44:51","slug":"de-diseno-grafico-a-diseno-web-pasando-por-wordpress","status":"publish","type":"wcb_session","link":"https:\/\/spain.wordcamp.org\/2020\/session\/de-diseno-grafico-a-diseno-web-pasando-por-wordpress\/","title":{"rendered":"De dise\u00f1o gr\u00e1fico a dise\u00f1o web, pasando por WordPress"},"content":{"rendered":"\n<p class=\"wp-block-paragraph\">Durante 10 a\u00f1os me dediqu\u00e9 al dise\u00f1o gr\u00e1fico y editorial por cuenta ajena. Un buen d\u00eda, decid\u00ed independizarme de la compa\u00f1\u00eda que me empleaba y ponerme a trabajar por cuenta propia.<\/p>\n\n\n\n<!--more-->\n\n\n\n<p class=\"wp-block-paragraph\">Aprend\u00ed a crear un tema de WordPress desde cero, y eso me permiti\u00f3 adquirir las competencias para empezar a ganarme la vida. <\/p>\n\n\n\n<p class=\"wp-block-paragraph\">En un m\u00e1ster de dise\u00f1o y desarrollo web con WordPress aprend\u00ed HTML, CSS, un poco de JavaScript y Ajax (que ya he olvidado), PHP y WordPress. <\/p>\n\n\n\n<p class=\"wp-block-paragraph\">Para m\u00ed ha sido fundamental aprender c\u00f3mo hacer la transici\u00f3n del dise\u00f1o para papel al dise\u00f1o para pantalla. Se trata sobre todo de aprender dise\u00f1o responsive y maquetaci\u00f3n frontend. Creo que para dise\u00f1ar webs ayuda much\u00edsimo conocer HTML y CSS. Al principio s\u00e9 que parece muy complicado \u2014porque a m\u00ed me pasaba\u2014 pero, al final, se trata de estructurar la informaci\u00f3n e ir dando instrucciones sobre los estilos que le quieres dar a cada etiqueta, cumpliendo ciertas reglas. No es tan tan complicado. <\/p>\n\n\n\n<p class=\"wp-block-paragraph\">Una vez aprendido esto, hay que continuar aprendiendo los patrones y sistemas de dise\u00f1o, las gu\u00edas de estilo y estar al d\u00eda sobre las tendencias actuales (para poder seguirlas y saber romperlas). <\/p>\n\n\n\n<p class=\"wp-block-paragraph\">Todo este conocimiento ha sido muy pr\u00e1ctico a la hora de trabajar creando webs para mis clientes, pero la verdad es que cuando m\u00e1s he aprendido ha sido acudiendo (tanto de asistente, como de ponente, voluntaria y organizadora) a las Meetups y WordCamps de toda Espa\u00f1a (y del extranjero). He aprendido mucho de WordPress, de las tripas y del ecosistema, y sobre todo, he hecho grandes amistades, que me acompa\u00f1an en mi d\u00eda a d\u00eda, tanto personal como profesional.<\/p>\n\n\n\n<figure class=\"wp-block-embed-wordpress-tv wp-block-embed is-type-video wp-embed-aspect-16-9 wp-has-aspect-ratio\"><div class=\"wp-block-embed__wrapper\">\n<iframe title=\"VideoPress Video Player\" aria-label='VideoPress Video Player' width='640' height='360' src='https:\/\/video.wordpress.com\/embed\/uc02YAKm?hd=1&amp;cover=1' frameborder='0' allowfullscreen allow='clipboard-write'><\/iframe><script src='https:\/\/v0.wordpress.com\/js\/next\/videopress-iframe.js?m=1674852142'><\/script>\n<\/div><\/figure>\n","protected":false},"excerpt":{"rendered":"<p>Durante 10 a\u00f1os me dediqu\u00e9 al dise\u00f1o gr\u00e1fico y editorial por cuenta ajena. Un buen d\u00eda, decid\u00ed independizarme de la compa\u00f1\u00eda que me empleaba y ponerme a trabajar por cuenta propia.<\/p>\n","protected":false},"author":15412659,"featured_media":0,"template":"","meta":{"_crdt_document":"","jetpack_post_was_ever_published":false,"_wcpt_session_time":1588782000,"_wcpt_session_duration":600,"_wcpt_session_type":"session","_wcpt_session_slides":"","_wcpt_session_video":"https:\/\/wordpress.tv\/2020\/05\/09\/ana-cirujano-de-diseno-grafico-a-diseno-web-pasando-por-wordpress\/","_wcpt_speaker_id":[2869],"footnotes":""},"session_track":[36],"session_category":[43],"class_list":["post-2983","wcb_session","type-wcb_session","status-publish","hentry","wcb_track-sala-a","wcb_session_category-diseno"],"jetpack_sharing_enabled":true,"session_date_time":{"date":"6 de mayo de 2020","time":"18:20"},"session_speakers":[{"id":"2869","slug":"ana-cirujano","name":"Ana Cirujano","link":"https:\/\/spain.wordcamp.org\/2020\/speaker\/ana-cirujano\/"}],"session_cats_rendered":"Dise\u00f1o","_links":{"self":[{"href":"https:\/\/spain.wordcamp.org\/2020\/wp-json\/wp\/v2\/sessions\/2983","targetHints":{"allow":["GET"]}}],"collection":[{"href":"https:\/\/spain.wordcamp.org\/2020\/wp-json\/wp\/v2\/sessions"}],"about":[{"href":"https:\/\/spain.wordcamp.org\/2020\/wp-json\/wp\/v2\/types\/wcb_session"}],"version-history":[{"count":3,"href":"https:\/\/spain.wordcamp.org\/2020\/wp-json\/wp\/v2\/sessions\/2983\/revisions"}],"predecessor-version":[{"id":7924,"href":"https:\/\/spain.wordcamp.org\/2020\/wp-json\/wp\/v2\/sessions\/2983\/revisions\/7924"}],"speakers":[{"embeddable":true,"href":"https:\/\/spain.wordcamp.org\/2020\/wp-json\/wp\/v2\/speakers\/2869"}],"author":[{"embeddable":true,"href":"https:\/\/spain.wordcamp.org\/2020\/wp-json\/wporg\/v1\/users\/acirujano"}],"wp:attachment":[{"href":"https:\/\/spain.wordcamp.org\/2020\/wp-json\/wp\/v2\/media?parent=2983"}],"wp:term":[{"taxonomy":"wcb_track","embeddable":true,"href":"https:\/\/spain.wordcamp.org\/2020\/wp-json\/wp\/v2\/session_track?post=2983"},{"taxonomy":"wcb_session_category","embeddable":true,"href":"https:\/\/spain.wordcamp.org\/2020\/wp-json\/wp\/v2\/session_category?post=2983"}],"curies":[{"name":"wp","href":"https:\/\/api.w.org\/{rel}","templated":true}]}}

De diseño gráfico a diseño web, pasando por WordPress

<p class="wp-block-paragraph">Durante 10 años me dediqué al diseño gráfico y editorial por cuenta ajena. Un buen día, decidí independizarme de la compañía que me empleaba y ponerme a trabajar por cuenta propia.</p>



<!--more-->



<p class="wp-block-paragraph">Aprendí a crear un tema de WordPress desde cero, y eso me permitió adquirir las competencias para empezar a ganarme la vida. </p>



<p class="wp-block-paragraph">En un máster de diseño y desarrollo web con WordPress aprendí HTML, CSS, un poco de JavaScript y Ajax (que ya he olvidado), PHP y WordPress. </p>



<p class="wp-block-paragraph">Para mí ha sido fundamental aprender cómo hacer la transición del diseño para papel al diseño para pantalla. Se trata sobre todo de aprender diseño responsive y maquetación frontend. Creo que para diseñar webs ayuda muchísimo conocer HTML y CSS. Al principio sé que parece muy complicado —porque a mí me pasaba— pero, al final, se trata de estructurar la información e ir dando instrucciones sobre los estilos que le quieres dar a cada etiqueta, cumpliendo ciertas reglas. No es tan tan complicado. </p>



<p class="wp-block-paragraph">Una vez aprendido esto, hay que continuar aprendiendo los patrones y sistemas de diseño, las guías de estilo y estar al día sobre las tendencias actuales (para poder seguirlas y saber romperlas). </p>



<p class="wp-block-paragraph">Todo este conocimiento ha sido muy práctico a la hora de trabajar creando webs para mis clientes, pero la verdad es que cuando más he aprendido ha sido acudiendo (tanto de asistente, como de ponente, voluntaria y organizadora) a las Meetups y WordCamps de toda España (y del extranjero). He aprendido mucho de WordPress, de las tripas y del ecosistema, y sobre todo, he hecho grandes amistades, que me acompañan en mi día a día, tanto personal como profesional.</p>



<figure class="wp-block-embed-wordpress-tv wp-block-embed is-type-video wp-embed-aspect-16-9 wp-has-aspect-ratio"><div class="wp-block-embed__wrapper">
<iframe title="VideoPress Video Player" aria-label='VideoPress Video Player' width='640' height='360' src='https://video.wordpress.com/embed/uc02YAKm?hd=1&amp;cover=1' frameborder='0' allowfullscreen allow='clipboard-write'></iframe><script src='https://v0.wordpress.com/js/next/videopress-iframe.js?m=1674852142'></script>
</div></figure>

<p>Durante 10 años me dediqué al diseño gráfico y editorial por cuenta ajena. Un buen día, decidí independizarme de la compañía que me empleaba y ponerme a trabajar por cuenta propia.</p>

Diseño
