{"id":2999,"date":"2020-04-18T14:32:00","date_gmt":"2020-04-18T12:32:00","guid":{"rendered":"https:\/\/2020.spain.wordcamp.org\/?post_type=wcb_session&#038;p=2999"},"modified":"2020-05-17T11:53:40","modified_gmt":"2020-05-17T09:53:40","slug":"escribir-para-conectar-emociones-y-creatividad","status":"publish","type":"wcb_session","link":"https:\/\/spain.wordcamp.org\/2020\/session\/escribir-para-conectar-emociones-y-creatividad\/","title":{"rendered":"Escribir para conectar: emociones y creatividad"},"content":{"rendered":"\n<p class=\"wp-block-paragraph\">Escribir es contar historias, y muchas veces, cuando dominamos una tem\u00e1tica, nos volvemos repetitivos y nos quedamos sin ideas para seguir creando contenido.<\/p>\n\n\n\n<!--more-->\n\n\n\n<p class=\"wp-block-paragraph\">La creatividad dormida y la desconexi\u00f3n o las interferencias con las propias emociones suelen ser las causas que hacen que el escritor que llevamos dentro se apague y sienta pereza o no d\u00e9 lo mejor de s\u00ed.<\/p>\n\n\n\n<p class=\"wp-block-paragraph\">\u00bfD\u00f3nde encontrar nuevas ideas? \u00bfC\u00f3mo reinventar nuestra voz narrativa ya sea para una entrada de blog o para un relato m\u00e1s creativo?<\/p>\n\n\n\n<p class=\"wp-block-paragraph\">La escritura tiene que ver con el autoconocimiento. Y con la marca personal. Con los l\u00edmites mentales y con la capacidad de ver m\u00e1s all\u00e1 de lo evidente. Ya lo dec\u00edan en El principito: \u00ablo esencial es invisible a los ojos\u00bb.<\/p>\n\n\n\n<figure class=\"wp-block-embed-wordpress-tv wp-block-embed is-type-video wp-embed-aspect-16-9 wp-has-aspect-ratio\"><div class=\"wp-block-embed__wrapper\">\n<iframe title=\"VideoPress Video Player\" aria-label='VideoPress Video Player' width='640' height='360' src='https:\/\/video.wordpress.com\/embed\/yeb32rXL?hd=1&amp;cover=1' frameborder='0' allowfullscreen allow='clipboard-write'><\/iframe><script src='https:\/\/v0.wordpress.com\/js\/next\/videopress-iframe.js?m=1674852142'><\/script>\n<\/div><\/figure>\n","protected":false},"excerpt":{"rendered":"<p>Escribir es contar historias, y muchas veces, cuando dominamos una tem\u00e1tica, nos volvemos repetitivos y nos quedamos sin ideas para seguir creando contenido.<\/p>\n","protected":false},"author":17214154,"featured_media":0,"template":"","meta":{"_crdt_document":"","jetpack_post_was_ever_published":false,"_wcpt_session_time":1588860000,"_wcpt_session_duration":1800,"_wcpt_session_type":"session","_wcpt_session_slides":"https:\/\/2020.spain.wordcamp.org\/files\/2020\/05\/07A01_03_Presentacio\u0301n-Itziar-WCES-Escribir-para-conectar.pdf","_wcpt_session_video":"https:\/\/wordpress.tv\/2020\/05\/09\/itziar-sistiaga-escribir-para-conectar-emociones-y-creatividad\/","_wcpt_speaker_id":[2887],"footnotes":""},"session_track":[36],"session_category":[41],"class_list":["post-2999","wcb_session","type-wcb_session","status-publish","hentry","wcb_track-sala-a","wcb_session_category-contenido"],"jetpack_sharing_enabled":true,"session_date_time":{"date":"7 de mayo de 2020","time":"16:00"},"session_speakers":[{"id":"2887","slug":"itziar-sistiaga","name":"Itziar Sistiaga","link":"https:\/\/spain.wordcamp.org\/2020\/speaker\/itziar-sistiaga\/"}],"session_cats_rendered":"Contenido","_links":{"self":[{"href":"https:\/\/spain.wordcamp.org\/2020\/wp-json\/wp\/v2\/sessions\/2999","targetHints":{"allow":["GET"]}}],"collection":[{"href":"https:\/\/spain.wordcamp.org\/2020\/wp-json\/wp\/v2\/sessions"}],"about":[{"href":"https:\/\/spain.wordcamp.org\/2020\/wp-json\/wp\/v2\/types\/wcb_session"}],"version-history":[{"count":3,"href":"https:\/\/spain.wordcamp.org\/2020\/wp-json\/wp\/v2\/sessions\/2999\/revisions"}],"predecessor-version":[{"id":8086,"href":"https:\/\/spain.wordcamp.org\/2020\/wp-json\/wp\/v2\/sessions\/2999\/revisions\/8086"}],"speakers":[{"embeddable":true,"href":"https:\/\/spain.wordcamp.org\/2020\/wp-json\/wp\/v2\/speakers\/2887"}],"author":[{"embeddable":true,"href":"https:\/\/spain.wordcamp.org\/2020\/wp-json\/wporg\/v1\/users\/itzirun"}],"wp:attachment":[{"href":"https:\/\/spain.wordcamp.org\/2020\/wp-json\/wp\/v2\/media?parent=2999"}],"wp:term":[{"taxonomy":"wcb_track","embeddable":true,"href":"https:\/\/spain.wordcamp.org\/2020\/wp-json\/wp\/v2\/session_track?post=2999"},{"taxonomy":"wcb_session_category","embeddable":true,"href":"https:\/\/spain.wordcamp.org\/2020\/wp-json\/wp\/v2\/session_category?post=2999"}],"curies":[{"name":"wp","href":"https:\/\/api.w.org\/{rel}","templated":true}]}}

<p class="wp-block-paragraph">Escribir es contar historias, y muchas veces, cuando dominamos una temática, nos volvemos repetitivos y nos quedamos sin ideas para seguir creando contenido.</p>



<!--more-->



<p class="wp-block-paragraph">La creatividad dormida y la desconexión o las interferencias con las propias emociones suelen ser las causas que hacen que el escritor que llevamos dentro se apague y sienta pereza o no dé lo mejor de sí.</p>



<p class="wp-block-paragraph">¿Dónde encontrar nuevas ideas? ¿Cómo reinventar nuestra voz narrativa ya sea para una entrada de blog o para un relato más creativo?</p>



<p class="wp-block-paragraph">La escritura tiene que ver con el autoconocimiento. Y con la marca personal. Con los límites mentales y con la capacidad de ver más allá de lo evidente. Ya lo decían en El principito: «lo esencial es invisible a los ojos».</p>



<figure class="wp-block-embed-wordpress-tv wp-block-embed is-type-video wp-embed-aspect-16-9 wp-has-aspect-ratio"><div class="wp-block-embed__wrapper">
<iframe title="VideoPress Video Player" aria-label='VideoPress Video Player' width='640' height='360' src='https://video.wordpress.com/embed/yeb32rXL?hd=1&amp;cover=1' frameborder='0' allowfullscreen allow='clipboard-write'></iframe><script src='https://v0.wordpress.com/js/next/videopress-iframe.js?m=1674852142'></script>
</div></figure>

<p>Escribir es contar historias, y muchas veces, cuando dominamos una temática, nos volvemos repetitivos y nos quedamos sin ideas para seguir creando contenido.</p>
