{"id":3005,"date":"2020-04-18T14:40:43","date_gmt":"2020-04-18T12:40:43","guid":{"rendered":"https:\/\/2020.spain.wordcamp.org\/?post_type=wcb_session&#038;p=3005"},"modified":"2020-05-09T17:45:54","modified_gmt":"2020-05-09T15:45:54","slug":"extrovertidos-exiliados-como-apoyar-a-los-socialmente-activos-trabajando-desde-casa-sin-poner-en-riesgo-tu-espacio-de-introversion","status":"publish","type":"wcb_session","link":"https:\/\/spain.wordcamp.org\/2020\/session\/extrovertidos-exiliados-como-apoyar-a-los-socialmente-activos-trabajando-desde-casa-sin-poner-en-riesgo-tu-espacio-de-introversion\/","title":{"rendered":"Extrovertidos exiliados: c\u00f3mo apoyar a los socialmente activos trabajando desde casa sin poner en riesgo tu espacio de introversi\u00f3n"},"content":{"rendered":"\n<p class=\"wp-block-paragraph\">Hasta ahora, quien trabajaba desde casa lo hac\u00eda por decisi\u00f3n propia. Quiz\u00e1s no hab\u00eda trabajos de oficina cerca lo suficiente, tal vez prefer\u00eda organizarse sus horas de trabajo de forma no tradicional.<\/p>\n\n\n\n<!--more-->\n\n\n\n<p class=\"wp-block-paragraph\">En su gran mayor\u00eda la raz\u00f3n era m\u00e1s simple: ya nos iba bien guardar la energ\u00eda social para momentos y personas espec\u00edficas. El mundo del trabajo remoto es (era) repleto de personas introvertidas, y muchas recomendaciones se basan en esta premisa. <\/p>\n\n\n\n<p class=\"wp-block-paragraph\">Para los nuevos trabajadores remote esta situaci\u00f3n no fue su elecci\u00f3n y aparte de cambiar toda la metodolog\u00eda de trabajo, tambi\u00e9n se les ha quitado el apoyo emocional\/social del d\u00eda a d\u00eda. Como resultado, internet se est\u00e1 convirtiendo en una oficina di\u00e1fana llena de personas extrovertidas intentando socializar &#8211; dejando a los introvertidos agotados de tantas llamadas por zoom. <\/p>\n\n\n\n<p class=\"wp-block-paragraph\">Copiar lo que funcion\u00f3 para alguien de forma voluntaria y proponerlo como estrategia para alguien en crisis no es una estrategia a largo plazo. As\u00ed que te presento una alternativa.<\/p>\n\n\n\n<figure class=\"wp-block-embed-wordpress-tv wp-block-embed is-type-video wp-embed-aspect-16-9 wp-has-aspect-ratio\"><div class=\"wp-block-embed__wrapper\">\n<iframe title=\"VideoPress Video Player\" aria-label='VideoPress Video Player' width='640' height='360' src='https:\/\/video.wordpress.com\/embed\/yM0n92VW?hd=1&amp;cover=1' frameborder='0' allowfullscreen allow='clipboard-write'><\/iframe><script src='https:\/\/v0.wordpress.com\/js\/next\/videopress-iframe.js?m=1674852142'><\/script>\n<\/div><\/figure>\n","protected":false},"excerpt":{"rendered":"<p>Hasta ahora, quien trabajaba desde casa lo hac\u00eda por decisi\u00f3n propia. Quiz\u00e1s no hab\u00eda trabajos de oficina cerca lo suficiente, tal vez prefer\u00eda organizarse sus horas de trabajo de forma no tradicional.<\/p>\n","protected":false},"author":13383104,"featured_media":0,"template":"","meta":{"_crdt_document":"","jetpack_post_was_ever_published":false,"_wcpt_session_time":1588786200,"_wcpt_session_duration":1800,"_wcpt_session_type":"session","_wcpt_session_slides":"https:\/\/2020.spain.wordcamp.org\/files\/2020\/05\/06A08_03_WCES_-Internet-de-extrovertidos.pdf","_wcpt_session_video":"https:\/\/wordpress.tv\/2020\/05\/09\/valentina-thorner-extrovertidos-exiliados-como-apoyar-a-los-socialmente-activos-trabajando-desde-casa-sin-poner-en-riesgo-tu-espacio-de-introversion\/","_wcpt_speaker_id":[2879],"footnotes":""},"session_track":[36],"session_category":[40],"class_list":["post-3005","wcb_session","type-wcb_session","status-publish","hentry","wcb_track-sala-a","wcb_session_category-comunidad"],"jetpack_sharing_enabled":true,"session_date_time":{"date":"6 de mayo de 2020","time":"19:30"},"session_speakers":[{"id":"2879","slug":"valentina-thorner","name":"Valentina Th\u00f6rner","link":"https:\/\/spain.wordcamp.org\/2020\/speaker\/valentina-thorner\/"}],"session_cats_rendered":"Comunidad","_links":{"self":[{"href":"https:\/\/spain.wordcamp.org\/2020\/wp-json\/wp\/v2\/sessions\/3005","targetHints":{"allow":["GET"]}}],"collection":[{"href":"https:\/\/spain.wordcamp.org\/2020\/wp-json\/wp\/v2\/sessions"}],"about":[{"href":"https:\/\/spain.wordcamp.org\/2020\/wp-json\/wp\/v2\/types\/wcb_session"}],"version-history":[{"count":3,"href":"https:\/\/spain.wordcamp.org\/2020\/wp-json\/wp\/v2\/sessions\/3005\/revisions"}],"predecessor-version":[{"id":7926,"href":"https:\/\/spain.wordcamp.org\/2020\/wp-json\/wp\/v2\/sessions\/3005\/revisions\/7926"}],"speakers":[{"embeddable":true,"href":"https:\/\/spain.wordcamp.org\/2020\/wp-json\/wp\/v2\/speakers\/2879"}],"author":[{"embeddable":true,"href":"https:\/\/spain.wordcamp.org\/2020\/wp-json\/wporg\/v1\/users\/valedeoro"}],"wp:attachment":[{"href":"https:\/\/spain.wordcamp.org\/2020\/wp-json\/wp\/v2\/media?parent=3005"}],"wp:term":[{"taxonomy":"wcb_track","embeddable":true,"href":"https:\/\/spain.wordcamp.org\/2020\/wp-json\/wp\/v2\/session_track?post=3005"},{"taxonomy":"wcb_session_category","embeddable":true,"href":"https:\/\/spain.wordcamp.org\/2020\/wp-json\/wp\/v2\/session_category?post=3005"}],"curies":[{"name":"wp","href":"https:\/\/api.w.org\/{rel}","templated":true}]}}

Extrovertidos exiliados: cómo apoyar a los socialmente activos trabajando desde casa sin poner en riesgo tu espacio de introversión

<p class="wp-block-paragraph">Hasta ahora, quien trabajaba desde casa lo hacía por decisión propia. Quizás no había trabajos de oficina cerca lo suficiente, tal vez prefería organizarse sus horas de trabajo de forma no tradicional.</p>



<!--more-->



<p class="wp-block-paragraph">En su gran mayoría la razón era más simple: ya nos iba bien guardar la energía social para momentos y personas específicas. El mundo del trabajo remoto es (era) repleto de personas introvertidas, y muchas recomendaciones se basan en esta premisa. </p>



<p class="wp-block-paragraph">Para los nuevos trabajadores remote esta situación no fue su elección y aparte de cambiar toda la metodología de trabajo, también se les ha quitado el apoyo emocional/social del día a día. Como resultado, internet se está convirtiendo en una oficina diáfana llena de personas extrovertidas intentando socializar &#8211; dejando a los introvertidos agotados de tantas llamadas por zoom. </p>



<p class="wp-block-paragraph">Copiar lo que funcionó para alguien de forma voluntaria y proponerlo como estrategia para alguien en crisis no es una estrategia a largo plazo. Así que te presento una alternativa.</p>



<figure class="wp-block-embed-wordpress-tv wp-block-embed is-type-video wp-embed-aspect-16-9 wp-has-aspect-ratio"><div class="wp-block-embed__wrapper">
<iframe title="VideoPress Video Player" aria-label='VideoPress Video Player' width='640' height='360' src='https://video.wordpress.com/embed/yM0n92VW?hd=1&amp;cover=1' frameborder='0' allowfullscreen allow='clipboard-write'></iframe><script src='https://v0.wordpress.com/js/next/videopress-iframe.js?m=1674852142'></script>
</div></figure>

<p>Hasta ahora, quien trabajaba desde casa lo hacía por decisión propia. Quizás no había trabajos de oficina cerca lo suficiente, tal vez prefería organizarse sus horas de trabajo de forma no tradicional.</p>

Valentina Thörner
