{"id":3060,"date":"2020-04-18T16:51:27","date_gmt":"2020-04-18T14:51:27","guid":{"rendered":"https:\/\/2020.spain.wordcamp.org\/?post_type=wcb_session&#038;p=3060"},"modified":"2020-05-09T20:22:57","modified_gmt":"2020-05-09T18:22:57","slug":"optimizacion-web-lo-que-la-wpo-te-impide-ver","status":"publish","type":"wcb_session","link":"https:\/\/spain.wordcamp.org\/2020\/session\/optimizacion-web-lo-que-la-wpo-te-impide-ver\/","title":{"rendered":"Optimizaci\u00f3n web: lo que la WPO te impide ver"},"content":{"rendered":"\n<p class=\"wp-block-paragraph\">La optimizaci\u00f3n de rendimiento (WPO) es un tema de moda dentro de WordPress, pero no es el \u00fanico proceso que forma parte de la optimizaci\u00f3n de una web.<\/p>\n\n\n\n<!--more-->\n\n\n\n<p class=\"wp-block-paragraph\">En esta charla quiero concienciarte de que la optimizaci\u00f3n de una web no es solo un tema de volocidad.<\/p>\n\n\n\n<ul class=\"wp-block-list\"><li>\u00bfEst\u00e1s elegiendo las infraestructuras hardware y software correctas?<\/li><li>\u00bfTu dise\u00f1o y contenidos est\u00e1n alineados con tus objetivos de negocio?<\/li><li>\u00bfLa experiencia de tus usuarios es tan buena como crees?<\/li><\/ul>\n\n\n\n<p class=\"wp-block-paragraph\">La optimizaci\u00f3n es un trabajo continuo que involucra a distintos profesionales y abarca muchos campos relacionados. No podemos dejarnos atr\u00e1s ni uno y ver\u00e1s por qu\u00e9.<\/p>\n\n\n\n<figure class=\"wp-block-embed-wordpress-tv wp-block-embed is-type-video wp-embed-aspect-16-9 wp-has-aspect-ratio\"><div class=\"wp-block-embed__wrapper\">\n<iframe title=\"VideoPress Video Player\" aria-label='VideoPress Video Player' width='640' height='360' src='https:\/\/video.wordpress.com\/embed\/DeYXLy4Q?hd=1&amp;cover=1' frameborder='0' allowfullscreen allow='clipboard-write'><\/iframe><script src='https:\/\/v0.wordpress.com\/js\/next\/videopress-iframe.js?m=1674852142'><\/script>\n<\/div><\/figure>\n","protected":false},"excerpt":{"rendered":"<p>La optimizaci\u00f3n de rendimiento (WPO) es un tema de moda dentro de WordPress, pero no es el \u00fanico proceso que forma parte de la optimizaci\u00f3n de una web.<\/p>\n","protected":false},"author":16115327,"featured_media":0,"template":"","meta":{"_crdt_document":"","jetpack_post_was_ever_published":false,"_wcpt_session_time":1588872600,"_wcpt_session_duration":1800,"_wcpt_session_type":"session","_wcpt_session_slides":"https:\/\/2020.spain.wordcamp.org\/files\/2020\/05\/07B09_03-wp_spain_online_2020-1.pdf","_wcpt_session_video":"http:\/\/wordpress.tv\/2020\/05\/09\/fernando-puente-mitos-y-realidades-sobre-el-wpo-en-wordpress\/","_wcpt_speaker_id":[2927],"footnotes":""},"session_track":[37],"session_category":[44],"class_list":["post-3060","wcb_session","type-wcb_session","status-publish","hentry","wcb_track-sala-b","wcb_session_category-marketing"],"jetpack_sharing_enabled":true,"session_date_time":{"date":"7 de mayo de 2020","time":"19:30"},"session_speakers":[{"id":"2927","slug":"ivan-exposito","name":"Iv\u00e1n Exp\u00f3sito","link":"https:\/\/spain.wordcamp.org\/2020\/speaker\/ivan-exposito\/"}],"session_cats_rendered":"M\u00e1rketing","_links":{"self":[{"href":"https:\/\/spain.wordcamp.org\/2020\/wp-json\/wp\/v2\/sessions\/3060","targetHints":{"allow":["GET"]}}],"collection":[{"href":"https:\/\/spain.wordcamp.org\/2020\/wp-json\/wp\/v2\/sessions"}],"about":[{"href":"https:\/\/spain.wordcamp.org\/2020\/wp-json\/wp\/v2\/types\/wcb_session"}],"version-history":[{"count":3,"href":"https:\/\/spain.wordcamp.org\/2020\/wp-json\/wp\/v2\/sessions\/3060\/revisions"}],"predecessor-version":[{"id":7995,"href":"https:\/\/spain.wordcamp.org\/2020\/wp-json\/wp\/v2\/sessions\/3060\/revisions\/7995"}],"speakers":[{"embeddable":true,"href":"https:\/\/spain.wordcamp.org\/2020\/wp-json\/wp\/v2\/speakers\/2927"}],"author":[{"embeddable":true,"href":"https:\/\/spain.wordcamp.org\/2020\/wp-json\/wporg\/v1\/users\/ivanexposito"}],"wp:attachment":[{"href":"https:\/\/spain.wordcamp.org\/2020\/wp-json\/wp\/v2\/media?parent=3060"}],"wp:term":[{"taxonomy":"wcb_track","embeddable":true,"href":"https:\/\/spain.wordcamp.org\/2020\/wp-json\/wp\/v2\/session_track?post=3060"},{"taxonomy":"wcb_session_category","embeddable":true,"href":"https:\/\/spain.wordcamp.org\/2020\/wp-json\/wp\/v2\/session_category?post=3060"}],"curies":[{"name":"wp","href":"https:\/\/api.w.org\/{rel}","templated":true}]}}

Optimización web: lo que la WPO te impide ver

<p class="wp-block-paragraph">La optimización de rendimiento (WPO) es un tema de moda dentro de WordPress, pero no es el único proceso que forma parte de la optimización de una web.</p>



<!--more-->



<p class="wp-block-paragraph">En esta charla quiero concienciarte de que la optimización de una web no es solo un tema de volocidad.</p>



<ul class="wp-block-list"><li>¿Estás elegiendo las infraestructuras hardware y software correctas?</li><li>¿Tu diseño y contenidos están alineados con tus objetivos de negocio?</li><li>¿La experiencia de tus usuarios es tan buena como crees?</li></ul>



<p class="wp-block-paragraph">La optimización es un trabajo continuo que involucra a distintos profesionales y abarca muchos campos relacionados. No podemos dejarnos atrás ni uno y verás por qué.</p>



<figure class="wp-block-embed-wordpress-tv wp-block-embed is-type-video wp-embed-aspect-16-9 wp-has-aspect-ratio"><div class="wp-block-embed__wrapper">
<iframe title="VideoPress Video Player" aria-label='VideoPress Video Player' width='640' height='360' src='https://video.wordpress.com/embed/DeYXLy4Q?hd=1&amp;cover=1' frameborder='0' allowfullscreen allow='clipboard-write'></iframe><script src='https://v0.wordpress.com/js/next/videopress-iframe.js?m=1674852142'></script>
</div></figure>

<p>La optimización de rendimiento (WPO) es un tema de moda dentro de WordPress, pero no es el único proceso que forma parte de la optimización de una web.</p>

Iván Expósito

Márketing
