{"id":3069,"date":"2020-04-18T17:54:19","date_gmt":"2020-04-18T15:54:19","guid":{"rendered":"https:\/\/2020.spain.wordcamp.org\/?post_type=wcb_session&#038;p=3069"},"modified":"2020-05-17T11:47:21","modified_gmt":"2020-05-17T09:47:21","slug":"como-defender-un-diseno-web-delante-de-un-cliente","status":"publish","type":"wcb_session","link":"https:\/\/spain.wordcamp.org\/2020\/session\/como-defender-un-diseno-web-delante-de-un-cliente\/","title":{"rendered":"C\u00f3mo defender un dise\u00f1o web delante de un cliente"},"content":{"rendered":"\n<p class=\"wp-block-paragraph\">\u00bfS\u00edndrome del impostor, miedo esc\u00e9nico, nervios paralizantes? \u00a1Tenemos la soluci\u00f3n definitiva!<\/p>\n\n\n\n<!--more-->\n\n\n\n<p class=\"wp-block-paragraph\">Olv\u00eddate de una vez por todas de todos esos s\u00edntomas que te inquietan, te atormentan y te perturban cada vez que te enfrentas a la dura tarea de presentar un nuevo dise\u00f1o web delante de un cliente.<\/p>\n\n\n\n<p class=\"wp-block-paragraph\">En esta ocasi\u00f3n intentar\u00e9 darte las pautas definitivas para conseguir que la defensa de tu trabajo de dise\u00f1o sea impecable y consigas el mejor resultado despu\u00e9s de una reuni\u00f3n con un cliente.<\/p>\n\n\n\n<p class=\"wp-block-paragraph\">Hablaremos de consejos a aplicar en una reuni\u00f3n con un cliente en la defensa de un trabajo de dise\u00f1o web:<\/p>\n\n\n\n<ul class=\"wp-block-list\"><li>Indicaciones generales ante cualquier reuni\u00f3n de trabajo<\/li><li>Detecci\u00f3n de puntos fuertes y vulnerables de tu trabajo<\/li><li>Detecci\u00f3n de las claves del proyecto y los puntos de dolor de tu cliente<\/li><li>Observaciones para cerrar una fase de dise\u00f1o o una entrega de un proyecto<\/li><\/ul>\n\n\n\n<p class=\"wp-block-paragraph\">Ponte en guardia y prepara tu estrategia porque, de esta batalla, acabar\u00e1s saliendo victorioso y no habr\u00e1 reuni\u00f3n que se te resista.<\/p>\n\n\n\n<p class=\"wp-block-paragraph\">\u00a1Alerta spoiler!<\/p>\n\n\n\n<p class=\"wp-block-paragraph\">No hablaremos en esta ocasi\u00f3n de dise\u00f1o a nivel t\u00e9cnico, pero si eres dise\u00f1ador, o quieres dedicarte profesionalmente a ello, no deber\u00edas perd\u00e9rtela.<\/p>\n\n\n\n<figure class=\"wp-block-embed-wordpress-tv wp-block-embed is-type-video wp-embed-aspect-16-9 wp-has-aspect-ratio\"><div class=\"wp-block-embed__wrapper\">\n<iframe title=\"VideoPress Video Player\" aria-label='VideoPress Video Player' width='640' height='360' src='https:\/\/video.wordpress.com\/embed\/ZZnHHA7S?hd=1&amp;cover=1' frameborder='0' allowfullscreen allow='clipboard-write'><\/iframe><script src='https:\/\/v0.wordpress.com\/js\/next\/videopress-iframe.js?m=1674852142'><\/script>\n<\/div><\/figure>\n","protected":false},"excerpt":{"rendered":"<p>\u00bfS\u00edndrome del impostor, miedo esc\u00e9nico, nervios paralizantes? \u00a1Tenemos la soluci\u00f3n definitiva!<\/p>\n","protected":false},"author":13545685,"featured_media":0,"template":"","meta":{"_crdt_document":"","jetpack_post_was_ever_published":false,"_wcpt_session_time":1588946400,"_wcpt_session_duration":3600,"_wcpt_session_type":"session","_wcpt_session_slides":"","_wcpt_session_video":"https:\/\/wordpress.tv\/2020\/05\/09\/fernan-diez-como-defender-un-diseno-web-delante-de-un-cliente\/","_wcpt_speaker_id":[2930],"footnotes":""},"session_track":[36],"session_category":[43],"class_list":["post-3069","wcb_session","type-wcb_session","status-publish","hentry","wcb_track-sala-a","wcb_session_category-diseno"],"jetpack_sharing_enabled":true,"session_date_time":{"date":"8 de mayo de 2020","time":"16:00"},"session_speakers":[{"id":"2930","slug":"fernan-diez","name":"Fernan D\u00edez","link":"https:\/\/spain.wordcamp.org\/2020\/speaker\/fernan-diez\/"}],"session_cats_rendered":"Dise\u00f1o","_links":{"self":[{"href":"https:\/\/spain.wordcamp.org\/2020\/wp-json\/wp\/v2\/sessions\/3069","targetHints":{"allow":["GET"]}}],"collection":[{"href":"https:\/\/spain.wordcamp.org\/2020\/wp-json\/wp\/v2\/sessions"}],"about":[{"href":"https:\/\/spain.wordcamp.org\/2020\/wp-json\/wp\/v2\/types\/wcb_session"}],"version-history":[{"count":3,"href":"https:\/\/spain.wordcamp.org\/2020\/wp-json\/wp\/v2\/sessions\/3069\/revisions"}],"predecessor-version":[{"id":8080,"href":"https:\/\/spain.wordcamp.org\/2020\/wp-json\/wp\/v2\/sessions\/3069\/revisions\/8080"}],"speakers":[{"embeddable":true,"href":"https:\/\/spain.wordcamp.org\/2020\/wp-json\/wp\/v2\/speakers\/2930"}],"author":[{"embeddable":true,"href":"https:\/\/spain.wordcamp.org\/2020\/wp-json\/wporg\/v1\/users\/fernandiez"}],"wp:attachment":[{"href":"https:\/\/spain.wordcamp.org\/2020\/wp-json\/wp\/v2\/media?parent=3069"}],"wp:term":[{"taxonomy":"wcb_track","embeddable":true,"href":"https:\/\/spain.wordcamp.org\/2020\/wp-json\/wp\/v2\/session_track?post=3069"},{"taxonomy":"wcb_session_category","embeddable":true,"href":"https:\/\/spain.wordcamp.org\/2020\/wp-json\/wp\/v2\/session_category?post=3069"}],"curies":[{"name":"wp","href":"https:\/\/api.w.org\/{rel}","templated":true}]}}

Cómo defender un diseño web delante de un cliente

<p class="wp-block-paragraph">¿Síndrome del impostor, miedo escénico, nervios paralizantes? ¡Tenemos la solución definitiva!</p>



<!--more-->



<p class="wp-block-paragraph">Olvídate de una vez por todas de todos esos síntomas que te inquietan, te atormentan y te perturban cada vez que te enfrentas a la dura tarea de presentar un nuevo diseño web delante de un cliente.</p>



<p class="wp-block-paragraph">En esta ocasión intentaré darte las pautas definitivas para conseguir que la defensa de tu trabajo de diseño sea impecable y consigas el mejor resultado después de una reunión con un cliente.</p>



<p class="wp-block-paragraph">Hablaremos de consejos a aplicar en una reunión con un cliente en la defensa de un trabajo de diseño web:</p>



<ul class="wp-block-list"><li>Indicaciones generales ante cualquier reunión de trabajo</li><li>Detección de puntos fuertes y vulnerables de tu trabajo</li><li>Detección de las claves del proyecto y los puntos de dolor de tu cliente</li><li>Observaciones para cerrar una fase de diseño o una entrega de un proyecto</li></ul>



<p class="wp-block-paragraph">Ponte en guardia y prepara tu estrategia porque, de esta batalla, acabarás saliendo victorioso y no habrá reunión que se te resista.</p>



<p class="wp-block-paragraph">¡Alerta spoiler!</p>



<p class="wp-block-paragraph">No hablaremos en esta ocasión de diseño a nivel técnico, pero si eres diseñador, o quieres dedicarte profesionalmente a ello, no deberías perdértela.</p>



<figure class="wp-block-embed-wordpress-tv wp-block-embed is-type-video wp-embed-aspect-16-9 wp-has-aspect-ratio"><div class="wp-block-embed__wrapper">
<iframe title="VideoPress Video Player" aria-label='VideoPress Video Player' width='640' height='360' src='https://video.wordpress.com/embed/ZZnHHA7S?hd=1&amp;cover=1' frameborder='0' allowfullscreen allow='clipboard-write'></iframe><script src='https://v0.wordpress.com/js/next/videopress-iframe.js?m=1674852142'></script>
</div></figure>

<p>¿Síndrome del impostor, miedo escénico, nervios paralizantes? ¡Tenemos la solución definitiva!</p>

Fernan Díez

Diseño
