{"id":3074,"date":"2020-04-18T17:59:46","date_gmt":"2020-04-18T15:59:46","guid":{"rendered":"https:\/\/2020.spain.wordcamp.org\/?post_type=wcb_session&#038;p=3074"},"modified":"2020-05-09T19:26:09","modified_gmt":"2020-05-09T17:26:09","slug":"10-formas-de-implementar-tu-identidad-verbal-al-contenido-de-tu-web","status":"publish","type":"wcb_session","link":"https:\/\/spain.wordcamp.org\/2020\/session\/10-formas-de-implementar-tu-identidad-verbal-al-contenido-de-tu-web\/","title":{"rendered":"10 formas de implementar tu identidad verbal al contenido de tu web"},"content":{"rendered":"\n<p class=\"wp-block-paragraph\">Desde que ofrecemos servicios o productos en internet nos convertimos en MARCAS, aunque seamos freelance o no tengamos una gran empresa.<\/p>\n\n\n\n<!--more-->\n\n\n\n<p class=\"wp-block-paragraph\">Todas las marcas generan una OPINI\u00d3N en la mente de las personas.<\/p>\n\n\n\n<p class=\"wp-block-paragraph\">Esta opini\u00f3n, sino es la adecuada nos perjudicar\u00e1 a la hora de captar clientes, de ah\u00ed la importancia de cuidar la manera en la que nos mostramos al mundo. Esto es en lo que nos ayuda el BRANDING. El branding nos ayuda a definir nuestra IDENTIDAD, y dentro de ella, la IDENTIDAD VERBAL, que es el conjunto de contenidos y formas de comunicar a trav\u00e9s de los textos que compartimos, por ejemplo en las redes sociales y por supuesto, en nuestra WEB.<\/p>\n\n\n\n<p class=\"wp-block-paragraph\">Porque una p\u00e1gina web no s\u00f3lo se compone de dise\u00f1os, logos y colores, el contenido y la forma de expresar el contenido es vital para lograr captar la atenci\u00f3n de nuestro p\u00fablico ideal. La identidad verbal se define en el proceso de la ESTRATEGIA DE MARCA. (antes de dise\u00f1ar la web) Son elementos que luego se implementar\u00e1n en la web, en las redes sociales y en cualquier punto de contacto con nuestros clientes potenciales.<\/p>\n\n\n\n<p class=\"wp-block-paragraph\">En 20 minutos os mostrar\u00e9, de forma muy visual y con ejemplos pr\u00e1cticos, de qu\u00e9 manera podemos aplicar nuestra identidad verbal en el proceso de elaboraci\u00f3n de los contenidos de nuestras p\u00e1ginas web y entender as\u00ed su utilidad pr\u00e1ctica.<\/p>\n\n\n\n<p class=\"wp-block-paragraph\">10 Estrategias que podemos aplicar tambi\u00e9n con nuestros clientes, si nos dedicamos crear p\u00e1ginas web.<\/p>\n\n\n\n<figure class=\"wp-block-embed-wordpress-tv wp-block-embed is-type-video wp-embed-aspect-16-9 wp-has-aspect-ratio\"><div class=\"wp-block-embed__wrapper\">\n<iframe title=\"VideoPress Video Player\" aria-label='VideoPress Video Player' width='640' height='360' src='https:\/\/video.wordpress.com\/embed\/QdBflGiH?hd=1&amp;cover=1' frameborder='0' allowfullscreen allow='clipboard-write'><\/iframe><script src='https:\/\/v0.wordpress.com\/js\/next\/videopress-iframe.js?m=1674852142'><\/script>\n<\/div><\/figure>\n","protected":false},"excerpt":{"rendered":"<p>Desde que ofrecemos servicios o productos en internet nos convertimos en MARCAS, aunque seamos freelance o no tengamos una gran empresa.<\/p>\n","protected":false},"author":17312134,"featured_media":0,"template":"","meta":{"_crdt_document":"","jetpack_post_was_ever_published":false,"_wcpt_session_time":1588950000,"_wcpt_session_duration":1800,"_wcpt_session_type":"session","_wcpt_session_slides":"https:\/\/2020.spain.wordcamp.org\/files\/2020\/05\/08A02_03_Presentacio\u0301n-WCES-Laura-Carracedo-1.pdf","_wcpt_session_video":"http:\/\/wordpress.tv\/2020\/05\/09\/laura-carracedo-10-formas-de-implementar-tu-identidad-verbal-al-contenido-de-tu-web\/","_wcpt_speaker_id":[2934],"footnotes":""},"session_track":[36],"session_category":[41],"class_list":["post-3074","wcb_session","type-wcb_session","status-publish","hentry","wcb_track-sala-a","wcb_session_category-contenido"],"jetpack_sharing_enabled":true,"session_date_time":{"date":"8 de mayo de 2020","time":"17:00"},"session_speakers":[{"id":"2934","slug":"laura-carracedo","name":"Laura Carracedo","link":"https:\/\/spain.wordcamp.org\/2020\/speaker\/laura-carracedo\/"}],"session_cats_rendered":"Contenido","_links":{"self":[{"href":"https:\/\/spain.wordcamp.org\/2020\/wp-json\/wp\/v2\/sessions\/3074","targetHints":{"allow":["GET"]}}],"collection":[{"href":"https:\/\/spain.wordcamp.org\/2020\/wp-json\/wp\/v2\/sessions"}],"about":[{"href":"https:\/\/spain.wordcamp.org\/2020\/wp-json\/wp\/v2\/types\/wcb_session"}],"version-history":[{"count":3,"href":"https:\/\/spain.wordcamp.org\/2020\/wp-json\/wp\/v2\/sessions\/3074\/revisions"}],"predecessor-version":[{"id":8004,"href":"https:\/\/spain.wordcamp.org\/2020\/wp-json\/wp\/v2\/sessions\/3074\/revisions\/8004"}],"speakers":[{"embeddable":true,"href":"https:\/\/spain.wordcamp.org\/2020\/wp-json\/wp\/v2\/speakers\/2934"}],"author":[{"embeddable":true,"href":"https:\/\/spain.wordcamp.org\/2020\/wp-json\/wporg\/v1\/users\/lauracarracedo"}],"wp:attachment":[{"href":"https:\/\/spain.wordcamp.org\/2020\/wp-json\/wp\/v2\/media?parent=3074"}],"wp:term":[{"taxonomy":"wcb_track","embeddable":true,"href":"https:\/\/spain.wordcamp.org\/2020\/wp-json\/wp\/v2\/session_track?post=3074"},{"taxonomy":"wcb_session_category","embeddable":true,"href":"https:\/\/spain.wordcamp.org\/2020\/wp-json\/wp\/v2\/session_category?post=3074"}],"curies":[{"name":"wp","href":"https:\/\/api.w.org\/{rel}","templated":true}]}}

<p class="wp-block-paragraph">Desde que ofrecemos servicios o productos en internet nos convertimos en MARCAS, aunque seamos freelance o no tengamos una gran empresa.</p>



<!--more-->



<p class="wp-block-paragraph">Todas las marcas generan una OPINIÓN en la mente de las personas.</p>



<p class="wp-block-paragraph">Esta opinión, sino es la adecuada nos perjudicará a la hora de captar clientes, de ahí la importancia de cuidar la manera en la que nos mostramos al mundo. Esto es en lo que nos ayuda el BRANDING. El branding nos ayuda a definir nuestra IDENTIDAD, y dentro de ella, la IDENTIDAD VERBAL, que es el conjunto de contenidos y formas de comunicar a través de los textos que compartimos, por ejemplo en las redes sociales y por supuesto, en nuestra WEB.</p>



<p class="wp-block-paragraph">Porque una página web no sólo se compone de diseños, logos y colores, el contenido y la forma de expresar el contenido es vital para lograr captar la atención de nuestro público ideal. La identidad verbal se define en el proceso de la ESTRATEGIA DE MARCA. (antes de diseñar la web) Son elementos que luego se implementarán en la web, en las redes sociales y en cualquier punto de contacto con nuestros clientes potenciales.</p>



<p class="wp-block-paragraph">En 20 minutos os mostraré, de forma muy visual y con ejemplos prácticos, de qué manera podemos aplicar nuestra identidad verbal en el proceso de elaboración de los contenidos de nuestras páginas web y entender así su utilidad práctica.</p>



<p class="wp-block-paragraph">10 Estrategias que podemos aplicar también con nuestros clientes, si nos dedicamos crear páginas web.</p>



<figure class="wp-block-embed-wordpress-tv wp-block-embed is-type-video wp-embed-aspect-16-9 wp-has-aspect-ratio"><div class="wp-block-embed__wrapper">
<iframe title="VideoPress Video Player" aria-label='VideoPress Video Player' width='640' height='360' src='https://video.wordpress.com/embed/QdBflGiH?hd=1&amp;cover=1' frameborder='0' allowfullscreen allow='clipboard-write'></iframe><script src='https://v0.wordpress.com/js/next/videopress-iframe.js?m=1674852142'></script>
</div></figure>
