{"id":3094,"date":"2020-04-18T18:27:20","date_gmt":"2020-04-18T16:27:20","guid":{"rendered":"https:\/\/2020.spain.wordcamp.org\/?post_type=wcb_session&#038;p=3094"},"modified":"2020-05-09T19:28:34","modified_gmt":"2020-05-09T17:28:34","slug":"anatomia-de-un-tema-de-wordpress-en-tiempos-de-gutenberg","status":"publish","type":"wcb_session","link":"https:\/\/spain.wordcamp.org\/2020\/session\/anatomia-de-un-tema-de-wordpress-en-tiempos-de-gutenberg\/","title":{"rendered":"Anatom\u00eda de un tema de WordPress en tiempos de Gutenberg"},"content":{"rendered":"\n<p class=\"wp-block-paragraph\">Para dise\u00f1ar y desarrollar con WordPress es importante entender c\u00f3mo trata los contenidos y c\u00f3mo estructura su Front End para que nuestros temas se adapten a nuestros contenidos.<\/p>\n\n\n\n<!--more-->\n\n\n\n<p class=\"wp-block-paragraph\">Con esta ponencia entender\u00e1s c\u00f3mo funciona un tema de WordPress cl\u00e1sico, su estructura de archivos, motor de plantillas, jerarqu\u00edas de contenidos y, sobretodo, c\u00f3mo se adaptar\u00e1 todo esto en el futuro cercano a Gutenberg.<\/p>\n\n\n\n<figure class=\"wp-block-embed-wordpress-tv wp-block-embed is-type-video wp-embed-aspect-16-9 wp-has-aspect-ratio\"><div class=\"wp-block-embed__wrapper\">\n<iframe title=\"VideoPress Video Player\" aria-label='VideoPress Video Player' width='640' height='360' src='https:\/\/video.wordpress.com\/embed\/oxgYCvCb?hd=1&amp;cover=1' frameborder='0' allowfullscreen allow='clipboard-write'><\/iframe><script src='https:\/\/v0.wordpress.com\/js\/next\/videopress-iframe.js?m=1674852142'><\/script>\n<\/div><\/figure>\n","protected":false},"excerpt":{"rendered":"<p>Para dise\u00f1ar y desarrollar con WordPress es importante entender c\u00f3mo trata los contenidos y c\u00f3mo estructura su Front End para que nuestros temas se adapten a nuestros contenidos.<\/p>\n","protected":false},"author":15715226,"featured_media":0,"template":"","meta":{"_crdt_document":"","jetpack_post_was_ever_published":false,"_wcpt_session_time":1588953600,"_wcpt_session_duration":1800,"_wcpt_session_type":"session","_wcpt_session_slides":"https:\/\/2020.spain.wordcamp.org\/files\/2020\/05\/08B06_03_wces-anatomia-de-un-tema-de-wordpress-en-tiempos-de-gutenberg.pdf","_wcpt_session_video":"http:\/\/wordpress.tv\/2020\/05\/09\/dario-balbontin-anatomia-de-un-tema-de-wordpress-en-tiempos-de-gutenberg\/","_wcpt_speaker_id":[2965],"footnotes":""},"session_track":[37],"session_category":[42],"class_list":["post-3094","wcb_session","type-wcb_session","status-publish","hentry","wcb_track-sala-b","wcb_session_category-desarrollo"],"jetpack_sharing_enabled":true,"session_date_time":{"date":"8 de mayo de 2020","time":"18:00"},"session_speakers":[{"id":"2965","slug":"dario-bf","name":"Dar\u00edo BF","link":"https:\/\/spain.wordcamp.org\/2020\/speaker\/dario-bf\/"}],"session_cats_rendered":"Desarrollo","_links":{"self":[{"href":"https:\/\/spain.wordcamp.org\/2020\/wp-json\/wp\/v2\/sessions\/3094","targetHints":{"allow":["GET"]}}],"collection":[{"href":"https:\/\/spain.wordcamp.org\/2020\/wp-json\/wp\/v2\/sessions"}],"about":[{"href":"https:\/\/spain.wordcamp.org\/2020\/wp-json\/wp\/v2\/types\/wcb_session"}],"version-history":[{"count":3,"href":"https:\/\/spain.wordcamp.org\/2020\/wp-json\/wp\/v2\/sessions\/3094\/revisions"}],"predecessor-version":[{"id":8010,"href":"https:\/\/spain.wordcamp.org\/2020\/wp-json\/wp\/v2\/sessions\/3094\/revisions\/8010"}],"speakers":[{"embeddable":true,"href":"https:\/\/spain.wordcamp.org\/2020\/wp-json\/wp\/v2\/speakers\/2965"}],"author":[{"embeddable":true,"href":"https:\/\/spain.wordcamp.org\/2020\/wp-json\/wporg\/v1\/users\/dariobf"}],"wp:attachment":[{"href":"https:\/\/spain.wordcamp.org\/2020\/wp-json\/wp\/v2\/media?parent=3094"}],"wp:term":[{"taxonomy":"wcb_track","embeddable":true,"href":"https:\/\/spain.wordcamp.org\/2020\/wp-json\/wp\/v2\/session_track?post=3094"},{"taxonomy":"wcb_session_category","embeddable":true,"href":"https:\/\/spain.wordcamp.org\/2020\/wp-json\/wp\/v2\/session_category?post=3094"}],"curies":[{"name":"wp","href":"https:\/\/api.w.org\/{rel}","templated":true}]}}

Anatomía de un tema de WordPress en tiempos de Gutenberg

<p class="wp-block-paragraph">Para diseñar y desarrollar con WordPress es importante entender cómo trata los contenidos y cómo estructura su Front End para que nuestros temas se adapten a nuestros contenidos.</p>



<!--more-->



<p class="wp-block-paragraph">Con esta ponencia entenderás cómo funciona un tema de WordPress clásico, su estructura de archivos, motor de plantillas, jerarquías de contenidos y, sobretodo, cómo se adaptará todo esto en el futuro cercano a Gutenberg.</p>



<figure class="wp-block-embed-wordpress-tv wp-block-embed is-type-video wp-embed-aspect-16-9 wp-has-aspect-ratio"><div class="wp-block-embed__wrapper">
<iframe title="VideoPress Video Player" aria-label='VideoPress Video Player' width='640' height='360' src='https://video.wordpress.com/embed/oxgYCvCb?hd=1&amp;cover=1' frameborder='0' allowfullscreen allow='clipboard-write'></iframe><script src='https://v0.wordpress.com/js/next/videopress-iframe.js?m=1674852142'></script>
</div></figure>

<p>Para diseñar y desarrollar con WordPress es importante entender cómo trata los contenidos y cómo estructura su Front End para que nuestros temas se adapten a nuestros contenidos.</p>

Darío BF
