{"id":3106,"date":"2020-04-18T18:35:39","date_gmt":"2020-04-18T16:35:39","guid":{"rendered":"https:\/\/2020.spain.wordcamp.org\/?post_type=wcb_session&#038;p=3106"},"modified":"2020-05-09T19:37:02","modified_gmt":"2020-05-09T17:37:02","slug":"no-todo-en-wordpress-es-codigo","status":"publish","type":"wcb_session","link":"https:\/\/spain.wordcamp.org\/2020\/session\/no-todo-en-wordpress-es-codigo\/","title":{"rendered":"No todo en WordPress es c\u00f3digo"},"content":{"rendered":"\n<p class=\"wp-block-paragraph\">En esta charla se unen un desarrollador y una marketera digital para compartirles nuestro punto de vista sobre la importancia de integrar una estrategia de contenidos y dise\u00f1o en el desarrollo de la p\u00e1gina web de un negocio o emprendimiento.<\/p>\n\n\n\n<!--more-->\n\n\n\n<p class=\"wp-block-paragraph\">Al final no todo es c\u00f3digo, sino una cohesi\u00f3n de tres elementos importantes.<\/p>\n\n\n\n<p class=\"wp-block-paragraph\">Por ende, te daremos tips para crear contenido de valor, mostraremos las ventajas de contar con una l\u00ednea gr\u00e1fica y un desarrollo basado en las necesidades t\u00e9cnicas reales de tu sitio web, que te permita ser relevante y diferente, para tener resultados \u00f3ptimos de negocio a nivel digital.<\/p>\n\n\n\n<figure class=\"wp-block-embed-wordpress-tv wp-block-embed is-type-video wp-embed-aspect-16-9 wp-has-aspect-ratio\"><div class=\"wp-block-embed__wrapper\">\n<iframe title=\"VideoPress Video Player\" aria-label='VideoPress Video Player' width='640' height='360' src='https:\/\/video.wordpress.com\/embed\/Qnr9bLJd?hd=1&amp;cover=1' frameborder='0' allowfullscreen allow='clipboard-write'><\/iframe><script src='https:\/\/v0.wordpress.com\/js\/next\/videopress-iframe.js?m=1674852142'><\/script>\n<\/div><\/figure>\n","protected":false},"excerpt":{"rendered":"<p>En esta charla se unen un desarrollador y una marketera digital para compartirles nuestro punto de vista sobre la importancia de integrar una estrategia de contenidos y dise\u00f1o en el desarrollo de la p\u00e1gina web de un negocio o emprendimiento.<\/p>\n","protected":false},"author":15382359,"featured_media":0,"template":"","meta":{"_crdt_document":"","jetpack_post_was_ever_published":false,"_wcpt_session_time":1588957200,"_wcpt_session_duration":3600,"_wcpt_session_type":"session","_wcpt_session_slides":"","_wcpt_session_video":"http:\/\/wordpress.tv\/2020\/05\/09\/alex-cuadra-vanessa-martinez-no-todo-en-wordpress-es-codigo\/","_wcpt_speaker_id":[2971,2974],"footnotes":""},"session_track":[36],"session_category":[44],"class_list":["post-3106","wcb_session","type-wcb_session","status-publish","hentry","wcb_track-sala-a","wcb_session_category-marketing"],"jetpack_sharing_enabled":true,"session_date_time":{"date":"8 de mayo de 2020","time":"19:00"},"session_speakers":[{"id":"2971","slug":"vanessa-martinez","name":"Vanessa Mart\u00ednez","link":"https:\/\/spain.wordcamp.org\/2020\/speaker\/vanessa-martinez\/"},{"id":"2974","slug":"alex-cuadra","name":"Alex Cuadra","link":"https:\/\/spain.wordcamp.org\/2020\/speaker\/alex-cuadra\/"}],"session_cats_rendered":"M\u00e1rketing","_links":{"self":[{"href":"https:\/\/spain.wordcamp.org\/2020\/wp-json\/wp\/v2\/sessions\/3106","targetHints":{"allow":["GET"]}}],"collection":[{"href":"https:\/\/spain.wordcamp.org\/2020\/wp-json\/wp\/v2\/sessions"}],"about":[{"href":"https:\/\/spain.wordcamp.org\/2020\/wp-json\/wp\/v2\/types\/wcb_session"}],"version-history":[{"count":3,"href":"https:\/\/spain.wordcamp.org\/2020\/wp-json\/wp\/v2\/sessions\/3106\/revisions"}],"predecessor-version":[{"id":8018,"href":"https:\/\/spain.wordcamp.org\/2020\/wp-json\/wp\/v2\/sessions\/3106\/revisions\/8018"}],"speakers":[{"embeddable":true,"href":"https:\/\/spain.wordcamp.org\/2020\/wp-json\/wp\/v2\/speakers\/2971"},{"embeddable":true,"href":"https:\/\/spain.wordcamp.org\/2020\/wp-json\/wp\/v2\/speakers\/2974"}],"author":[{"embeddable":true,"href":"https:\/\/spain.wordcamp.org\/2020\/wp-json\/wporg\/v1\/users\/vmartinez008"}],"wp:attachment":[{"href":"https:\/\/spain.wordcamp.org\/2020\/wp-json\/wp\/v2\/media?parent=3106"}],"wp:term":[{"taxonomy":"wcb_track","embeddable":true,"href":"https:\/\/spain.wordcamp.org\/2020\/wp-json\/wp\/v2\/session_track?post=3106"},{"taxonomy":"wcb_session_category","embeddable":true,"href":"https:\/\/spain.wordcamp.org\/2020\/wp-json\/wp\/v2\/session_category?post=3106"}],"curies":[{"name":"wp","href":"https:\/\/api.w.org\/{rel}","templated":true}]}}

No todo en WordPress es código

<p class="wp-block-paragraph">En esta charla se unen un desarrollador y una marketera digital para compartirles nuestro punto de vista sobre la importancia de integrar una estrategia de contenidos y diseño en el desarrollo de la página web de un negocio o emprendimiento.</p>



<!--more-->



<p class="wp-block-paragraph">Al final no todo es código, sino una cohesión de tres elementos importantes.</p>



<p class="wp-block-paragraph">Por ende, te daremos tips para crear contenido de valor, mostraremos las ventajas de contar con una línea gráfica y un desarrollo basado en las necesidades técnicas reales de tu sitio web, que te permita ser relevante y diferente, para tener resultados óptimos de negocio a nivel digital.</p>



<figure class="wp-block-embed-wordpress-tv wp-block-embed is-type-video wp-embed-aspect-16-9 wp-has-aspect-ratio"><div class="wp-block-embed__wrapper">
<iframe title="VideoPress Video Player" aria-label='VideoPress Video Player' width='640' height='360' src='https://video.wordpress.com/embed/Qnr9bLJd?hd=1&amp;cover=1' frameborder='0' allowfullscreen allow='clipboard-write'></iframe><script src='https://v0.wordpress.com/js/next/videopress-iframe.js?m=1674852142'></script>
</div></figure>

<p>En esta charla se unen un desarrollador y una marketera digital para compartirles nuestro punto de vista sobre la importancia de integrar una estrategia de contenidos y diseño en el desarrollo de la página web de un negocio o emprendimiento.</p>

Vanessa Martínez

Márketing
