{"id":3110,"date":"2020-04-18T18:40:17","date_gmt":"2020-04-18T16:40:17","guid":{"rendered":"https:\/\/2020.spain.wordcamp.org\/?post_type=wcb_session&#038;p=3110"},"modified":"2020-05-09T23:56:55","modified_gmt":"2020-05-09T21:56:55","slug":"semanticamente-hablando","status":"publish","type":"wcb_session","link":"https:\/\/spain.wordcamp.org\/2020\/session\/semanticamente-hablando\/","title":{"rendered":"Sem\u00e1nticamente hablando"},"content":{"rendered":"\n<p class=\"wp-block-paragraph\">Una reflexi\u00f3n sobre la creaci\u00f3n de contenidos y el marcado sem\u00e1ntico.<\/p>\n\n\n\n<!--more-->\n\n\n\n<p class=\"wp-block-paragraph\">En mi d\u00eda a d\u00eda trabajando en proyectos online veo un mont\u00f3n de situaciones en las que la coherencia sem\u00e1ntica se ve pisoteada, bien sea por la manera de enfocar\/redactar los cotenidos, bien sea por el marcado \u00ab<em>antisem\u00e1ntico<\/em>\u00bb que muy habitualmente se aplica a los mismos.<\/p>\n\n\n\n<p class=\"wp-block-paragraph\">Realizar\u00e9 una breve exposici\u00f3n sobre qu\u00e9 es el marcado sem\u00e1ntico, qu\u00e9 posibilidades nos ofrece y por qu\u00e9 es importante. Combinada con una gu\u00eda sobre coherencia a la hora de crear y redactar contenidos.<\/p>\n\n\n\n<figure class=\"wp-block-embed-wordpress-tv wp-block-embed is-type-video wp-embed-aspect-16-9 wp-has-aspect-ratio\"><div class=\"wp-block-embed__wrapper\">\n<iframe title=\"VideoPress Video Player\" aria-label='VideoPress Video Player' width='640' height='360' src='https:\/\/video.wordpress.com\/embed\/TLeaibPw?hd=1&amp;cover=1' frameborder='0' allowfullscreen allow='clipboard-write'><\/iframe><script src='https:\/\/v0.wordpress.com\/js\/next\/videopress-iframe.js?m=1674852142'><\/script>\n<\/div><\/figure>\n","protected":false},"excerpt":{"rendered":"<p>Una reflexi\u00f3n sobre la creaci\u00f3n de contenidos y el marcado sem\u00e1ntico.<\/p>\n","protected":false},"author":14755566,"featured_media":0,"template":"","meta":{"_crdt_document":"","jetpack_post_was_ever_published":false,"_wcpt_session_time":1588959000,"_wcpt_session_duration":1800,"_wcpt_session_type":"session","_wcpt_session_slides":"https:\/\/2020.spain.wordcamp.org\/files\/2020\/05\/08B09_03_semanticamente-hablando.pdf","_wcpt_session_video":"http:\/\/wordpress.tv\/2020\/05\/09\/roberto-tunon-semanticamente-hablando\/","_wcpt_speaker_id":[2982],"footnotes":""},"session_track":[37],"session_category":[41],"class_list":["post-3110","wcb_session","type-wcb_session","status-publish","hentry","wcb_track-sala-b","wcb_session_category-contenido"],"jetpack_sharing_enabled":true,"session_date_time":{"date":"8 de mayo de 2020","time":"19:30"},"session_speakers":[{"id":"2982","slug":"roberto-tunon","name":"Roberto Tu\u00f1\u00f3n","link":"https:\/\/spain.wordcamp.org\/2020\/speaker\/roberto-tunon\/"}],"session_cats_rendered":"Contenido","_links":{"self":[{"href":"https:\/\/spain.wordcamp.org\/2020\/wp-json\/wp\/v2\/sessions\/3110","targetHints":{"allow":["GET"]}}],"collection":[{"href":"https:\/\/spain.wordcamp.org\/2020\/wp-json\/wp\/v2\/sessions"}],"about":[{"href":"https:\/\/spain.wordcamp.org\/2020\/wp-json\/wp\/v2\/types\/wcb_session"}],"author":[{"embeddable":true,"href":"https:\/\/spain.wordcamp.org\/2020\/wp-json\/wp\/v2\/users\/14755566"}],"version-history":[{"count":4,"href":"https:\/\/spain.wordcamp.org\/2020\/wp-json\/wp\/v2\/sessions\/3110\/revisions"}],"predecessor-version":[{"id":8049,"href":"https:\/\/spain.wordcamp.org\/2020\/wp-json\/wp\/v2\/sessions\/3110\/revisions\/8049"}],"speakers":[{"embeddable":true,"href":"https:\/\/spain.wordcamp.org\/2020\/wp-json\/wp\/v2\/speakers\/2982"}],"wp:attachment":[{"href":"https:\/\/spain.wordcamp.org\/2020\/wp-json\/wp\/v2\/media?parent=3110"}],"wp:term":[{"taxonomy":"wcb_track","embeddable":true,"href":"https:\/\/spain.wordcamp.org\/2020\/wp-json\/wp\/v2\/session_track?post=3110"},{"taxonomy":"wcb_session_category","embeddable":true,"href":"https:\/\/spain.wordcamp.org\/2020\/wp-json\/wp\/v2\/session_category?post=3110"}],"curies":[{"name":"wp","href":"https:\/\/api.w.org\/{rel}","templated":true}]}}

Semánticamente hablando

<p class="wp-block-paragraph">Una reflexión sobre la creación de contenidos y el marcado semántico.</p>



<!--more-->



<p class="wp-block-paragraph">En mi día a día trabajando en proyectos online veo un montón de situaciones en las que la coherencia semántica se ve pisoteada, bien sea por la manera de enfocar/redactar los cotenidos, bien sea por el marcado «<em>antisemántico</em>» que muy habitualmente se aplica a los mismos.</p>



<p class="wp-block-paragraph">Realizaré una breve exposición sobre qué es el marcado semántico, qué posibilidades nos ofrece y por qué es importante. Combinada con una guía sobre coherencia a la hora de crear y redactar contenidos.</p>



<figure class="wp-block-embed-wordpress-tv wp-block-embed is-type-video wp-embed-aspect-16-9 wp-has-aspect-ratio"><div class="wp-block-embed__wrapper">
<iframe title="VideoPress Video Player" aria-label='VideoPress Video Player' width='640' height='360' src='https://video.wordpress.com/embed/TLeaibPw?hd=1&amp;cover=1' frameborder='0' allowfullscreen allow='clipboard-write'></iframe><script src='https://v0.wordpress.com/js/next/videopress-iframe.js?m=1674852142'></script>
</div></figure>

<p>Una reflexión sobre la creación de contenidos y el marcado semántico.</p>

Roberto Tuñón
