{"id":2784,"date":"2020-04-17T19:15:48","date_gmt":"2020-04-17T17:15:48","guid":{"rendered":"https:\/\/2020.spain.wordcamp.org\/?post_type=wcb_speaker&#038;p=2784"},"modified":"2020-04-23T21:15:44","modified_gmt":"2020-04-23T19:15:44","slug":"lidia-arroyo","status":"publish","type":"wcb_speaker","link":"https:\/\/spain.wordcamp.org\/2020\/speaker\/lidia-arroyo\/","title":{"rendered":"Lidia Arroyo"},"content":{"rendered":"\n<p class=\"wp-block-paragraph\">Ingeniera en Sistemas, 5 a\u00f1os de experiencia en sector del desarrollo e implementaci\u00f3n de soluciones para diferentes proyectos.<\/p>\n\n\n\n<p class=\"wp-block-paragraph\">Actualmente soy la coordinadora del \u00e1rea de desarrollo web de la agencia ComDigital y colaboro con la organizaci\u00f3n de los Meetup WordPress San Jos\u00e9, el crecimiento de la comunidad Meetup WordPress Cartago.<\/p>\n\n\n\n<p class=\"wp-block-paragraph\">Entusiasta del movimiento Open Source, colaboro con el fortalecimiento, crecimiento y consolidaci\u00f3n de los objetivos para la comunidad \u201cWordPress en Costa Rica\u201d.<\/p>\n\n\n\n<p class=\"wp-block-paragraph\"><a rel=\"noreferrer noopener\" href=\"https:\/\/twitter.com\/lidivanarroyo\" target=\"_blank\">@lidivanarroyo<\/a><\/p>\n\n\n\n<p class=\"wp-block-paragraph\"><a href=\"https:\/\/arroyovargas.com\/\" target=\"_blank\" rel=\"noreferrer noopener\">www.arroyovargas.com<\/a><\/p>\n","protected":false},"excerpt":{"rendered":"<p>Ingeniera en Sistemas, 5 a\u00f1os de experiencia en sector del desarrollo e implementaci\u00f3n de soluciones para diferentes proyectos. Actualmente soy la coordinadora del \u00e1rea de desarrollo web de la agencia ComDigital y colaboro con la organizaci\u00f3n de los Meetup WordPress San Jos\u00e9, el crecimiento de la comunidad Meetup WordPress Cartago. Entusiasta del movimiento Open Source, &hellip; <a href=\"https:\/\/spain.wordcamp.org\/2020\/speaker\/lidia-arroyo\/\" class=\"more-link\">Sigue leyendo<span class=\"screen-reader-text\"> \u00abLidia Arroyo\u00bb<\/span><\/a><\/p>\n","protected":false},"author":10392652,"featured_media":0,"comment_status":"closed","ping_status":"closed","template":"","meta":{"_crdt_document":"","jetpack_post_was_ever_published":false,"_wcpt_user_name":"lidarroy","footnotes":""},"speaker_group":[],"class_list":["post-2784","wcb_speaker","type-wcb_speaker","status-publish","hentry"],"jetpack_sharing_enabled":true,"avatar_urls":{"24":"https:\/\/secure.gravatar.com\/avatar\/bfb6e95851da7974d4c50f945adc9fe3be395ea892ccbb70ca91e2bbdac52de0?s=24&d=identicon&r=g","48":"https:\/\/secure.gravatar.com\/avatar\/bfb6e95851da7974d4c50f945adc9fe3be395ea892ccbb70ca91e2bbdac52de0?s=48&d=identicon&r=g","96":"https:\/\/secure.gravatar.com\/avatar\/bfb6e95851da7974d4c50f945adc9fe3be395ea892ccbb70ca91e2bbdac52de0?s=96&d=identicon&r=g","128":"https:\/\/secure.gravatar.com\/avatar\/bfb6e95851da7974d4c50f945adc9fe3be395ea892ccbb70ca91e2bbdac52de0?s=128&d=identicon&r=g","256":"https:\/\/secure.gravatar.com\/avatar\/bfb6e95851da7974d4c50f945adc9fe3be395ea892ccbb70ca91e2bbdac52de0?s=256&d=identicon&r=g","512":"https:\/\/secure.gravatar.com\/avatar\/bfb6e95851da7974d4c50f945adc9fe3be395ea892ccbb70ca91e2bbdac52de0?s=512&d=identicon&r=g"},"_links":{"self":[{"href":"https:\/\/spain.wordcamp.org\/2020\/wp-json\/wp\/v2\/speakers\/2784","targetHints":{"allow":["GET"]}}],"collection":[{"href":"https:\/\/spain.wordcamp.org\/2020\/wp-json\/wp\/v2\/speakers"}],"about":[{"href":"https:\/\/spain.wordcamp.org\/2020\/wp-json\/wp\/v2\/types\/wcb_speaker"}],"author":[{"embeddable":true,"href":"https:\/\/spain.wordcamp.org\/2020\/wp-json\/wp\/v2\/users\/10392652"}],"replies":[{"embeddable":true,"href":"https:\/\/spain.wordcamp.org\/2020\/wp-json\/wp\/v2\/comments?post=2784"}],"version-history":[{"count":6,"href":"https:\/\/spain.wordcamp.org\/2020\/wp-json\/wp\/v2\/speakers\/2784\/revisions"}],"predecessor-version":[{"id":4277,"href":"https:\/\/spain.wordcamp.org\/2020\/wp-json\/wp\/v2\/speakers\/2784\/revisions\/4277"}],"sessions":[{"embeddable":true,"href":"https:\/\/spain.wordcamp.org\/2020\/wp-json\/wp\/v2\/sessions\/2786?_embed=1&context=view"}],"wp:attachment":[{"href":"https:\/\/spain.wordcamp.org\/2020\/wp-json\/wp\/v2\/media?parent=2784"}],"wp:term":[{"taxonomy":"wcb_speaker_group","embeddable":true,"href":"https:\/\/spain.wordcamp.org\/2020\/wp-json\/wp\/v2\/speaker_group?post=2784"}],"curies":[{"name":"wp","href":"https:\/\/api.w.org\/{rel}","templated":true}]}}

<p class="wp-block-paragraph">Ingeniera en Sistemas, 5 años de experiencia en sector del desarrollo e implementación de soluciones para diferentes proyectos.</p>



<p class="wp-block-paragraph">Actualmente soy la coordinadora del área de desarrollo web de la agencia ComDigital y colaboro con la organización de los Meetup WordPress San José, el crecimiento de la comunidad Meetup WordPress Cartago.</p>



<p class="wp-block-paragraph">Entusiasta del movimiento Open Source, colaboro con el fortalecimiento, crecimiento y consolidación de los objetivos para la comunidad “WordPress en Costa Rica”.</p>



<p class="wp-block-paragraph"><a rel="noreferrer noopener" href="https://twitter.com/lidivanarroyo" target="_blank">@lidivanarroyo</a></p>



<p class="wp-block-paragraph"><a href="https://arroyovargas.com/" target="_blank" rel="noreferrer noopener">www.arroyovargas.com</a></p>

<p>Ingeniera en Sistemas, 5 años de experiencia en sector del desarrollo e implementación de soluciones para diferentes proyectos. Actualmente soy la coordinadora del área de desarrollo web de la agencia ComDigital y colaboro con la organización de los Meetup WordPress San José, el crecimiento de la comunidad Meetup WordPress Cartago. Entusiasta del movimiento Open Source, &hellip; <a href="https://spain.wordcamp.org/2020/speaker/lidia-arroyo/" class="more-link">Sigue leyendo<span class="screen-reader-text"> «Lidia Arroyo»</span></a></p>
