{"id":2789,"date":"2020-04-17T19:24:57","date_gmt":"2020-04-17T17:24:57","guid":{"rendered":"https:\/\/2020.spain.wordcamp.org\/?post_type=wcb_speaker&#038;p=2789"},"modified":"2020-04-23T21:16:00","modified_gmt":"2020-04-23T19:16:00","slug":"wajari-velasquez","status":"publish","type":"wcb_speaker","link":"https:\/\/spain.wordcamp.org\/2020\/speaker\/wajari-velasquez\/","title":{"rendered":"Wajari Vel\u00e1squez"},"content":{"rendered":"\n<p class=\"wp-block-paragraph\">Mi nombre es Wajari Vel\u00e1squez. <\/p>\n\n\n\n<p class=\"wp-block-paragraph\">Soy consultor SEO en <a href=\"https:\/\/ku-seo.com\/\" target=\"_blank\" rel=\"noreferrer noopener\">Ku-SEO<\/a> y padawan de programador Full Stack en JavaScript, con especial inter\u00e9s en Node y React. <\/p>\n\n\n\n<p class=\"wp-block-paragraph\">Tengo un podcast de <a href=\"https:\/\/seoparawp.com\/\" target=\"_blank\" rel=\"noreferrer noopener\">SEO para WordPress<\/a>, soy bloguero y colaboro en la co-organizaci\u00f3n de grupos tecnol\u00f3gicos open source. Me encanta la tecnolog\u00eda, la web y la formaci\u00f3n. <\/p>\n\n\n\n<p class=\"wp-block-paragraph\">Soy un fan incondicional de WordPress. Su comunidad ha significado un antes y un despu\u00e9s en mi desarrollo profesional (y personal). Toda su filosof\u00eda open source, sus personas y que hoy en d\u00eda, se haya convertido en una herramienta clave, para la presencia digital de la sociedad.<\/p>\n\n\n\n<p class=\"wp-block-paragraph\"><a rel=\"noreferrer noopener\" href=\"https:\/\/twitter.com\/wajariv\" target=\"_blank\">@wajariv<\/a><\/p>\n\n\n\n<p class=\"wp-block-paragraph\"><a href=\"https:\/\/wajari.com\/\">www.wajari.com<\/a><\/p>\n","protected":false},"excerpt":{"rendered":"<p>Mi nombre es Wajari Vel\u00e1squez. Soy consultor SEO en Ku-SEO y padawan de programador Full Stack en JavaScript, con especial inter\u00e9s en Node y React. Tengo un podcast de SEO para WordPress, soy bloguero y colaboro en la co-organizaci\u00f3n de grupos tecnol\u00f3gicos open source. Me encanta la tecnolog\u00eda, la web y la formaci\u00f3n. Soy un &hellip; <a href=\"https:\/\/spain.wordcamp.org\/2020\/speaker\/wajari-velasquez\/\" class=\"more-link\">Sigue leyendo<span class=\"screen-reader-text\"> \u00abWajari Vel\u00e1squez\u00bb<\/span><\/a><\/p>\n","protected":false},"author":10392652,"featured_media":0,"comment_status":"closed","ping_status":"closed","template":"","meta":{"_crdt_document":"","jetpack_post_was_ever_published":false,"_wcpt_user_name":"wajari","footnotes":""},"speaker_group":[],"class_list":["post-2789","wcb_speaker","type-wcb_speaker","status-publish","hentry"],"jetpack_sharing_enabled":true,"avatar_urls":{"24":"https:\/\/secure.gravatar.com\/avatar\/bbe7acfaf3b83158d15eb05b0b4a749d45d68bc30f58b429071312f84afb8360?s=24&d=identicon&r=g","48":"https:\/\/secure.gravatar.com\/avatar\/bbe7acfaf3b83158d15eb05b0b4a749d45d68bc30f58b429071312f84afb8360?s=48&d=identicon&r=g","96":"https:\/\/secure.gravatar.com\/avatar\/bbe7acfaf3b83158d15eb05b0b4a749d45d68bc30f58b429071312f84afb8360?s=96&d=identicon&r=g","128":"https:\/\/secure.gravatar.com\/avatar\/bbe7acfaf3b83158d15eb05b0b4a749d45d68bc30f58b429071312f84afb8360?s=128&d=identicon&r=g","256":"https:\/\/secure.gravatar.com\/avatar\/bbe7acfaf3b83158d15eb05b0b4a749d45d68bc30f58b429071312f84afb8360?s=256&d=identicon&r=g","512":"https:\/\/secure.gravatar.com\/avatar\/bbe7acfaf3b83158d15eb05b0b4a749d45d68bc30f58b429071312f84afb8360?s=512&d=identicon&r=g"},"_links":{"self":[{"href":"https:\/\/spain.wordcamp.org\/2020\/wp-json\/wp\/v2\/speakers\/2789","targetHints":{"allow":["GET"]}}],"collection":[{"href":"https:\/\/spain.wordcamp.org\/2020\/wp-json\/wp\/v2\/speakers"}],"about":[{"href":"https:\/\/spain.wordcamp.org\/2020\/wp-json\/wp\/v2\/types\/wcb_speaker"}],"author":[{"embeddable":true,"href":"https:\/\/spain.wordcamp.org\/2020\/wp-json\/wp\/v2\/users\/10392652"}],"replies":[{"embeddable":true,"href":"https:\/\/spain.wordcamp.org\/2020\/wp-json\/wp\/v2\/comments?post=2789"}],"version-history":[{"count":3,"href":"https:\/\/spain.wordcamp.org\/2020\/wp-json\/wp\/v2\/speakers\/2789\/revisions"}],"predecessor-version":[{"id":4278,"href":"https:\/\/spain.wordcamp.org\/2020\/wp-json\/wp\/v2\/speakers\/2789\/revisions\/4278"}],"sessions":[{"embeddable":true,"href":"https:\/\/spain.wordcamp.org\/2020\/wp-json\/wp\/v2\/sessions\/2794?_embed=1&context=view"}],"wp:attachment":[{"href":"https:\/\/spain.wordcamp.org\/2020\/wp-json\/wp\/v2\/media?parent=2789"}],"wp:term":[{"taxonomy":"wcb_speaker_group","embeddable":true,"href":"https:\/\/spain.wordcamp.org\/2020\/wp-json\/wp\/v2\/speaker_group?post=2789"}],"curies":[{"name":"wp","href":"https:\/\/api.w.org\/{rel}","templated":true}]}}

Wajari Velásquez

<p class="wp-block-paragraph">Mi nombre es Wajari Velásquez. </p>



<p class="wp-block-paragraph">Soy consultor SEO en <a href="https://ku-seo.com/" target="_blank" rel="noreferrer noopener">Ku-SEO</a> y padawan de programador Full Stack en JavaScript, con especial interés en Node y React. </p>



<p class="wp-block-paragraph">Tengo un podcast de <a href="https://seoparawp.com/" target="_blank" rel="noreferrer noopener">SEO para WordPress</a>, soy bloguero y colaboro en la co-organización de grupos tecnológicos open source. Me encanta la tecnología, la web y la formación. </p>



<p class="wp-block-paragraph">Soy un fan incondicional de WordPress. Su comunidad ha significado un antes y un después en mi desarrollo profesional (y personal). Toda su filosofía open source, sus personas y que hoy en día, se haya convertido en una herramienta clave, para la presencia digital de la sociedad.</p>



<p class="wp-block-paragraph"><a rel="noreferrer noopener" href="https://twitter.com/wajariv" target="_blank">@wajariv</a></p>



<p class="wp-block-paragraph"><a href="https://wajari.com/">www.wajari.com</a></p>

<p>Mi nombre es Wajari Velásquez. Soy consultor SEO en Ku-SEO y padawan de programador Full Stack en JavaScript, con especial interés en Node y React. Tengo un podcast de SEO para WordPress, soy bloguero y colaboro en la co-organización de grupos tecnológicos open source. Me encanta la tecnología, la web y la formación. Soy un &hellip; <a href="https://spain.wordcamp.org/2020/speaker/wajari-velasquez/" class="more-link">Sigue leyendo<span class="screen-reader-text"> «Wajari Velásquez»</span></a></p>
