{"id":2792,"date":"2020-04-17T19:27:15","date_gmt":"2020-04-17T17:27:15","guid":{"rendered":"https:\/\/2020.spain.wordcamp.org\/?post_type=wcb_speaker&#038;p=2792"},"modified":"2020-04-23T21:16:25","modified_gmt":"2020-04-23T19:16:25","slug":"fernando-garcia","status":"publish","type":"wcb_speaker","link":"https:\/\/spain.wordcamp.org\/2020\/speaker\/fernando-garcia\/","title":{"rendered":"Fernando Garc\u00eda"},"content":{"rendered":"\n<p class=\"wp-block-paragraph\">Llevo unos 15 a\u00f1os dedicado al desarrollo. Empec\u00e9 con lenguajes de programaci\u00f3n para escritorio, y posteriormente pas\u00e1ndome a la programaci\u00f3n web. En todo este tiempo me ha tocado utilizar diferentes tecnolog\u00edas (flash, asp, php,&#8230;), pero sobre el 2013 descubr\u00ed WordPress, y es en lo que m\u00e1s tiempo he dedicado desde entonces. <\/p>\n\n\n\n<p class=\"wp-block-paragraph\">En 2017 dej\u00e9 mi trabajo por cuenta ajena para hacerme aut\u00f3nomo como <a rel=\"noreferrer noopener\" href=\"https:\/\/fgrweb.es\/\" target=\"_blank\">fgrweb.es<\/a>, haciendo desarrollos web a medida y dando soporte IT a diferentes empresas. Como desarrollador estoy especializado en WordPress y su ecosistema, lo que me ha permitido hacer de todo un poco: webs, e-commerce, plataformas de todo tipo, back-ends para apps, plugins, \u00f1aas(\u00f1apas as a service),&#8230; <\/p>\n\n\n\n<p class=\"wp-block-paragraph\">Soy el organizador de la Meetup WordPress Torrelavega, e intento, siempre que el tiempo me lo permite, ayudar en lo que puedo a la Comunidad WordPress, para devolver un poco de lo mucho que me ha dado.<\/p>\n\n\n\n<p class=\"wp-block-paragraph\"><a rel=\"noreferrer noopener\" href=\"https:\/\/twitter.com\/fgrwebes\" target=\"_blank\">@fgrwebes<\/a><\/p>\n\n\n\n<p class=\"wp-block-paragraph\"><a rel=\"noreferrer noopener\" href=\"https:\/\/fgrweb.es\/\" target=\"_blank\">www.fgrweb.es<\/a><\/p>\n","protected":false},"excerpt":{"rendered":"<p>Llevo unos 15 a\u00f1os dedicado al desarrollo. Empec\u00e9 con lenguajes de programaci\u00f3n para escritorio, y posteriormente pas\u00e1ndome a la programaci\u00f3n web. En todo este tiempo me ha tocado utilizar diferentes tecnolog\u00edas (flash, asp, php,&#8230;), pero sobre el 2013 descubr\u00ed WordPress, y es en lo que m\u00e1s tiempo he dedicado desde entonces. En 2017 dej\u00e9 mi &hellip; <a href=\"https:\/\/spain.wordcamp.org\/2020\/speaker\/fernando-garcia\/\" class=\"more-link\">Sigue leyendo<span class=\"screen-reader-text\"> \u00abFernando Garc\u00eda\u00bb<\/span><\/a><\/p>\n","protected":false},"author":10392652,"featured_media":0,"comment_status":"closed","ping_status":"closed","template":"","meta":{"_crdt_document":"","jetpack_post_was_ever_published":false,"_wcpt_user_name":"fernandoaureonet","footnotes":""},"speaker_group":[],"class_list":["post-2792","wcb_speaker","type-wcb_speaker","status-publish","hentry"],"jetpack_sharing_enabled":true,"avatar_urls":{"24":"https:\/\/secure.gravatar.com\/avatar\/803a90e344633c0f2a330455c3071eba4d21fde78b67240dd2d0893918a37b5d?s=24&d=identicon&r=g","48":"https:\/\/secure.gravatar.com\/avatar\/803a90e344633c0f2a330455c3071eba4d21fde78b67240dd2d0893918a37b5d?s=48&d=identicon&r=g","96":"https:\/\/secure.gravatar.com\/avatar\/803a90e344633c0f2a330455c3071eba4d21fde78b67240dd2d0893918a37b5d?s=96&d=identicon&r=g","128":"https:\/\/secure.gravatar.com\/avatar\/803a90e344633c0f2a330455c3071eba4d21fde78b67240dd2d0893918a37b5d?s=128&d=identicon&r=g","256":"https:\/\/secure.gravatar.com\/avatar\/803a90e344633c0f2a330455c3071eba4d21fde78b67240dd2d0893918a37b5d?s=256&d=identicon&r=g","512":"https:\/\/secure.gravatar.com\/avatar\/803a90e344633c0f2a330455c3071eba4d21fde78b67240dd2d0893918a37b5d?s=512&d=identicon&r=g"},"_links":{"self":[{"href":"https:\/\/spain.wordcamp.org\/2020\/wp-json\/wp\/v2\/speakers\/2792","targetHints":{"allow":["GET"]}}],"collection":[{"href":"https:\/\/spain.wordcamp.org\/2020\/wp-json\/wp\/v2\/speakers"}],"about":[{"href":"https:\/\/spain.wordcamp.org\/2020\/wp-json\/wp\/v2\/types\/wcb_speaker"}],"author":[{"embeddable":true,"href":"https:\/\/spain.wordcamp.org\/2020\/wp-json\/wp\/v2\/users\/10392652"}],"replies":[{"embeddable":true,"href":"https:\/\/spain.wordcamp.org\/2020\/wp-json\/wp\/v2\/comments?post=2792"}],"version-history":[{"count":4,"href":"https:\/\/spain.wordcamp.org\/2020\/wp-json\/wp\/v2\/speakers\/2792\/revisions"}],"predecessor-version":[{"id":4279,"href":"https:\/\/spain.wordcamp.org\/2020\/wp-json\/wp\/v2\/speakers\/2792\/revisions\/4279"}],"sessions":[{"embeddable":true,"href":"https:\/\/spain.wordcamp.org\/2020\/wp-json\/wp\/v2\/sessions\/2798?_embed=1&context=view"}],"wp:attachment":[{"href":"https:\/\/spain.wordcamp.org\/2020\/wp-json\/wp\/v2\/media?parent=2792"}],"wp:term":[{"taxonomy":"wcb_speaker_group","embeddable":true,"href":"https:\/\/spain.wordcamp.org\/2020\/wp-json\/wp\/v2\/speaker_group?post=2792"}],"curies":[{"name":"wp","href":"https:\/\/api.w.org\/{rel}","templated":true}]}}

Fernando García

<p class="wp-block-paragraph">Llevo unos 15 años dedicado al desarrollo. Empecé con lenguajes de programación para escritorio, y posteriormente pasándome a la programación web. En todo este tiempo me ha tocado utilizar diferentes tecnologías (flash, asp, php,&#8230;), pero sobre el 2013 descubrí WordPress, y es en lo que más tiempo he dedicado desde entonces. </p>



<p class="wp-block-paragraph">En 2017 dejé mi trabajo por cuenta ajena para hacerme autónomo como <a rel="noreferrer noopener" href="https://fgrweb.es/" target="_blank">fgrweb.es</a>, haciendo desarrollos web a medida y dando soporte IT a diferentes empresas. Como desarrollador estoy especializado en WordPress y su ecosistema, lo que me ha permitido hacer de todo un poco: webs, e-commerce, plataformas de todo tipo, back-ends para apps, plugins, ñaas(ñapas as a service),&#8230; </p>



<p class="wp-block-paragraph">Soy el organizador de la Meetup WordPress Torrelavega, e intento, siempre que el tiempo me lo permite, ayudar en lo que puedo a la Comunidad WordPress, para devolver un poco de lo mucho que me ha dado.</p>



<p class="wp-block-paragraph"><a rel="noreferrer noopener" href="https://twitter.com/fgrwebes" target="_blank">@fgrwebes</a></p>



<p class="wp-block-paragraph"><a rel="noreferrer noopener" href="https://fgrweb.es/" target="_blank">www.fgrweb.es</a></p>

<p>Llevo unos 15 años dedicado al desarrollo. Empecé con lenguajes de programación para escritorio, y posteriormente pasándome a la programación web. En todo este tiempo me ha tocado utilizar diferentes tecnologías (flash, asp, php,&#8230;), pero sobre el 2013 descubrí WordPress, y es en lo que más tiempo he dedicado desde entonces. En 2017 dejé mi &hellip; <a href="https://spain.wordcamp.org/2020/speaker/fernando-garcia/" class="more-link">Sigue leyendo<span class="screen-reader-text"> «Fernando García»</span></a></p>
