{"id":2885,"date":"2020-04-19T12:15:00","date_gmt":"2020-04-19T10:15:00","guid":{"rendered":"https:\/\/2020.spain.wordcamp.org\/?post_type=wcb_speaker&#038;p=2885"},"modified":"2020-04-23T21:08:38","modified_gmt":"2020-04-23T19:08:38","slug":"tomas-sierra","status":"publish","type":"wcb_speaker","link":"https:\/\/spain.wordcamp.org\/2020\/speaker\/tomas-sierra\/","title":{"rendered":"Tom\u00e1s Sierra"},"content":{"rendered":"\n<p class=\"wp-block-paragraph\">Maestro, formador y desarrollador web especializado en ciberseguridad. CEO en <a rel=\"noreferrer noopener\" href=\"http:\/\/fakeinet.com\" target=\"_blank\">fakeinet.com<\/a> y <a rel=\"noreferrer noopener\" href=\"http:\/\/miplanhoy.com\" target=\"_blank\">miplanhoy.com<\/a>.<\/p>\n\n\n\n<p class=\"wp-block-paragraph\">Socio fundador y ponente de la Asociaci\u00f3n C\u00e1ntabra de Ciberseguridad \u2013 Cibercantabria. Adem\u00e1s, fui organizador de la WordCamp Santander y del Congreso de Seguridad Inform\u00e1tica \u201cSh3llcon\u201d.<\/p>\n\n\n\n<p class=\"wp-block-paragraph\">En la actualidad pertenezco al cuerpo de Maestros de Educaci\u00f3n Primaria. Me interes\u00e9 por la ciberseguridad al comprobar la desprotecci\u00f3n que sufr\u00edan los m\u00e1s peque\u00f1os en la red y me puse a trabajar para educar en buenos h\u00e1bitos en el uso de internet.<\/p>\n\n\n\n<p class=\"wp-block-paragraph\"><a rel=\"noreferrer noopener\" href=\"https:\/\/twitter.com\/TomyCant\" target=\"_blank\">@TomyCant<\/a><\/p>\n\n\n\n<p class=\"wp-block-paragraph\"><a rel=\"noreferrer noopener\" href=\"https:\/\/tomassierra.com\/\" target=\"_blank\">www.tomassierra.com<\/a><\/p>\n","protected":false},"excerpt":{"rendered":"<p>Maestro, formador y desarrollador web especializado en ciberseguridad. CEO en fakeinet.com y miplanhoy.com. Socio fundador y ponente de la Asociaci\u00f3n C\u00e1ntabra de Ciberseguridad \u2013 Cibercantabria. Adem\u00e1s, fui organizador de la WordCamp Santander y del Congreso de Seguridad Inform\u00e1tica \u201cSh3llcon\u201d. En la actualidad pertenezco al cuerpo de Maestros de Educaci\u00f3n Primaria. Me interes\u00e9 por la ciberseguridad &hellip; <a href=\"https:\/\/spain.wordcamp.org\/2020\/speaker\/tomas-sierra\/\" class=\"more-link\">Sigue leyendo<span class=\"screen-reader-text\"> \u00abTom\u00e1s Sierra\u00bb<\/span><\/a><\/p>\n","protected":false},"author":15689130,"featured_media":0,"comment_status":"closed","ping_status":"closed","template":"","meta":{"_crdt_document":"","jetpack_post_was_ever_published":false,"_wcpt_user_name":"TomyCant","footnotes":""},"speaker_group":[],"class_list":["post-2885","wcb_speaker","type-wcb_speaker","status-publish","hentry"],"jetpack_sharing_enabled":true,"avatar_urls":{"24":"https:\/\/secure.gravatar.com\/avatar\/ada65617b8393fd97397406cf77c9b845a71574c92337e6ed3b4b462f99710a9?s=24&d=identicon&r=g","48":"https:\/\/secure.gravatar.com\/avatar\/ada65617b8393fd97397406cf77c9b845a71574c92337e6ed3b4b462f99710a9?s=48&d=identicon&r=g","96":"https:\/\/secure.gravatar.com\/avatar\/ada65617b8393fd97397406cf77c9b845a71574c92337e6ed3b4b462f99710a9?s=96&d=identicon&r=g","128":"https:\/\/secure.gravatar.com\/avatar\/ada65617b8393fd97397406cf77c9b845a71574c92337e6ed3b4b462f99710a9?s=128&d=identicon&r=g","256":"https:\/\/secure.gravatar.com\/avatar\/ada65617b8393fd97397406cf77c9b845a71574c92337e6ed3b4b462f99710a9?s=256&d=identicon&r=g","512":"https:\/\/secure.gravatar.com\/avatar\/ada65617b8393fd97397406cf77c9b845a71574c92337e6ed3b4b462f99710a9?s=512&d=identicon&r=g"},"_links":{"self":[{"href":"https:\/\/spain.wordcamp.org\/2020\/wp-json\/wp\/v2\/speakers\/2885","targetHints":{"allow":["GET"]}}],"collection":[{"href":"https:\/\/spain.wordcamp.org\/2020\/wp-json\/wp\/v2\/speakers"}],"about":[{"href":"https:\/\/spain.wordcamp.org\/2020\/wp-json\/wp\/v2\/types\/wcb_speaker"}],"author":[{"embeddable":true,"href":"https:\/\/spain.wordcamp.org\/2020\/wp-json\/wp\/v2\/users\/15689130"}],"replies":[{"embeddable":true,"href":"https:\/\/spain.wordcamp.org\/2020\/wp-json\/wp\/v2\/comments?post=2885"}],"version-history":[{"count":5,"href":"https:\/\/spain.wordcamp.org\/2020\/wp-json\/wp\/v2\/speakers\/2885\/revisions"}],"predecessor-version":[{"id":4257,"href":"https:\/\/spain.wordcamp.org\/2020\/wp-json\/wp\/v2\/speakers\/2885\/revisions\/4257"}],"sessions":[{"embeddable":true,"href":"https:\/\/spain.wordcamp.org\/2020\/wp-json\/wp\/v2\/sessions\/3013?_embed=1&context=view"}],"wp:attachment":[{"href":"https:\/\/spain.wordcamp.org\/2020\/wp-json\/wp\/v2\/media?parent=2885"}],"wp:term":[{"taxonomy":"wcb_speaker_group","embeddable":true,"href":"https:\/\/spain.wordcamp.org\/2020\/wp-json\/wp\/v2\/speaker_group?post=2885"}],"curies":[{"name":"wp","href":"https:\/\/api.w.org\/{rel}","templated":true}]}}

Tomás Sierra

<p class="wp-block-paragraph">Maestro, formador y desarrollador web especializado en ciberseguridad. CEO en <a rel="noreferrer noopener" href="http://fakeinet.com" target="_blank">fakeinet.com</a> y <a rel="noreferrer noopener" href="http://miplanhoy.com" target="_blank">miplanhoy.com</a>.</p>



<p class="wp-block-paragraph">Socio fundador y ponente de la Asociación Cántabra de Ciberseguridad – Cibercantabria. Además, fui organizador de la WordCamp Santander y del Congreso de Seguridad Informática “Sh3llcon”.</p>



<p class="wp-block-paragraph">En la actualidad pertenezco al cuerpo de Maestros de Educación Primaria. Me interesé por la ciberseguridad al comprobar la desprotección que sufrían los más pequeños en la red y me puse a trabajar para educar en buenos hábitos en el uso de internet.</p>



<p class="wp-block-paragraph"><a rel="noreferrer noopener" href="https://twitter.com/TomyCant" target="_blank">@TomyCant</a></p>



<p class="wp-block-paragraph"><a rel="noreferrer noopener" href="https://tomassierra.com/" target="_blank">www.tomassierra.com</a></p>

<p>Maestro, formador y desarrollador web especializado en ciberseguridad. CEO en fakeinet.com y miplanhoy.com. Socio fundador y ponente de la Asociación Cántabra de Ciberseguridad – Cibercantabria. Además, fui organizador de la WordCamp Santander y del Congreso de Seguridad Informática “Sh3llcon”. En la actualidad pertenezco al cuerpo de Maestros de Educación Primaria. Me interesé por la ciberseguridad &hellip; <a href="https://spain.wordcamp.org/2020/speaker/tomas-sierra/" class="more-link">Sigue leyendo<span class="screen-reader-text"> «Tomás Sierra»</span></a></p>
