{"id":2891,"date":"2020-04-19T12:29:00","date_gmt":"2020-04-19T10:29:00","guid":{"rendered":"https:\/\/2020.spain.wordcamp.org\/?post_type=wcb_speaker&#038;p=2891"},"modified":"2020-04-23T21:09:17","modified_gmt":"2020-04-23T19:09:17","slug":"jose-peleato","status":"publish","type":"wcb_speaker","link":"https:\/\/spain.wordcamp.org\/2020\/speaker\/jose-peleato\/","title":{"rendered":"Jos\u00e9 Peleato"},"content":{"rendered":"\n<p class=\"wp-block-paragraph\">\u00a1Hola! Mi nombre es Jos\u00e9 J. Peleato Pradel, nac\u00ed en Huesca y soy de un peque\u00f1o pueblo llamado Tardienta.<\/p>\n\n\n\n<p class=\"wp-block-paragraph\">Apasionado del Pixel Perfect y Clean Code, me defino como una persona adepta del conocimiento libre y gratuito.<\/p>\n\n\n\n<p class=\"wp-block-paragraph\">En lo profesional me gusta formar parte de equipos que resuelven problemas dif\u00edciles e interesantes, actualmente trabajo c\u00f3mo Full-stack Developer PHP\/JS en Num\u00e9ricco (Zaragoza), me considero incondicional de las buenas pr\u00e1cticas, cuido al m\u00e1ximo la organizaci\u00f3n en los proyectos, buscando la escalabilidad y optimizaci\u00f3n.<\/p>\n\n\n\n<p class=\"wp-block-paragraph\">Involucrado en la comunidad WordPress desde 2016, participo como co-organizador de la comunidad local de Zaragoza desde entonces, por \u00faltimo, citar la participaci\u00f3n c\u00f3mo organizador de la WordCamp Zaragoza 2018 y 2019, adem\u00e1s de ser voluntario en las WordCamps de Santander 2017 y Zaragoza 2020.<\/p>\n\n\n\n<p class=\"wp-block-paragraph\"><a rel=\"noreferrer noopener\" href=\"https:\/\/twitter.com\/jjpeleato\" target=\"_blank\">@jjpeleato<\/a><\/p>\n\n\n\n<p class=\"wp-block-paragraph\"><a href=\"https:\/\/www.jjpeleato.com\/\" target=\"_blank\" rel=\"noreferrer noopener\">www.jjpeleato.com\/<\/a><\/p>\n","protected":false},"excerpt":{"rendered":"<p>\u00a1Hola! Mi nombre es Jos\u00e9 J. Peleato Pradel, nac\u00ed en Huesca y soy de un peque\u00f1o pueblo llamado Tardienta. Apasionado del Pixel Perfect y Clean Code, me defino como una persona adepta del conocimiento libre y gratuito. En lo profesional me gusta formar parte de equipos que resuelven problemas dif\u00edciles e interesantes, actualmente trabajo c\u00f3mo &hellip; <a href=\"https:\/\/spain.wordcamp.org\/2020\/speaker\/jose-peleato\/\" class=\"more-link\">Sigue leyendo<span class=\"screen-reader-text\"> \u00abJos\u00e9 Peleato\u00bb<\/span><\/a><\/p>\n","protected":false},"author":15689130,"featured_media":0,"comment_status":"closed","ping_status":"closed","template":"","meta":{"_crdt_document":"","jetpack_post_was_ever_published":false,"_wcpt_user_name":"jjpeleato","footnotes":""},"speaker_group":[],"class_list":["post-2891","wcb_speaker","type-wcb_speaker","status-publish","hentry"],"jetpack_sharing_enabled":true,"avatar_urls":{"24":"https:\/\/secure.gravatar.com\/avatar\/ab0b5fc7b101967e8482d015ec8961eecf0ae2191d6a9a1a1821f1ee05bf9fe9?s=24&d=identicon&r=g","48":"https:\/\/secure.gravatar.com\/avatar\/ab0b5fc7b101967e8482d015ec8961eecf0ae2191d6a9a1a1821f1ee05bf9fe9?s=48&d=identicon&r=g","96":"https:\/\/secure.gravatar.com\/avatar\/ab0b5fc7b101967e8482d015ec8961eecf0ae2191d6a9a1a1821f1ee05bf9fe9?s=96&d=identicon&r=g","128":"https:\/\/secure.gravatar.com\/avatar\/ab0b5fc7b101967e8482d015ec8961eecf0ae2191d6a9a1a1821f1ee05bf9fe9?s=128&d=identicon&r=g","256":"https:\/\/secure.gravatar.com\/avatar\/ab0b5fc7b101967e8482d015ec8961eecf0ae2191d6a9a1a1821f1ee05bf9fe9?s=256&d=identicon&r=g","512":"https:\/\/secure.gravatar.com\/avatar\/ab0b5fc7b101967e8482d015ec8961eecf0ae2191d6a9a1a1821f1ee05bf9fe9?s=512&d=identicon&r=g"},"_links":{"self":[{"href":"https:\/\/spain.wordcamp.org\/2020\/wp-json\/wp\/v2\/speakers\/2891","targetHints":{"allow":["GET"]}}],"collection":[{"href":"https:\/\/spain.wordcamp.org\/2020\/wp-json\/wp\/v2\/speakers"}],"about":[{"href":"https:\/\/spain.wordcamp.org\/2020\/wp-json\/wp\/v2\/types\/wcb_speaker"}],"author":[{"embeddable":true,"href":"https:\/\/spain.wordcamp.org\/2020\/wp-json\/wp\/v2\/users\/15689130"}],"replies":[{"embeddable":true,"href":"https:\/\/spain.wordcamp.org\/2020\/wp-json\/wp\/v2\/comments?post=2891"}],"version-history":[{"count":5,"href":"https:\/\/spain.wordcamp.org\/2020\/wp-json\/wp\/v2\/speakers\/2891\/revisions"}],"predecessor-version":[{"id":4259,"href":"https:\/\/spain.wordcamp.org\/2020\/wp-json\/wp\/v2\/speakers\/2891\/revisions\/4259"}],"sessions":[{"embeddable":true,"href":"https:\/\/spain.wordcamp.org\/2020\/wp-json\/wp\/v2\/sessions\/3002?_embed=1&context=view"}],"wp:attachment":[{"href":"https:\/\/spain.wordcamp.org\/2020\/wp-json\/wp\/v2\/media?parent=2891"}],"wp:term":[{"taxonomy":"wcb_speaker_group","embeddable":true,"href":"https:\/\/spain.wordcamp.org\/2020\/wp-json\/wp\/v2\/speaker_group?post=2891"}],"curies":[{"name":"wp","href":"https:\/\/api.w.org\/{rel}","templated":true}]}}

José Peleato

<p class="wp-block-paragraph">¡Hola! Mi nombre es José J. Peleato Pradel, nací en Huesca y soy de un pequeño pueblo llamado Tardienta.</p>



<p class="wp-block-paragraph">Apasionado del Pixel Perfect y Clean Code, me defino como una persona adepta del conocimiento libre y gratuito.</p>



<p class="wp-block-paragraph">En lo profesional me gusta formar parte de equipos que resuelven problemas difíciles e interesantes, actualmente trabajo cómo Full-stack Developer PHP/JS en Numéricco (Zaragoza), me considero incondicional de las buenas prácticas, cuido al máximo la organización en los proyectos, buscando la escalabilidad y optimización.</p>



<p class="wp-block-paragraph">Involucrado en la comunidad WordPress desde 2016, participo como co-organizador de la comunidad local de Zaragoza desde entonces, por último, citar la participación cómo organizador de la WordCamp Zaragoza 2018 y 2019, además de ser voluntario en las WordCamps de Santander 2017 y Zaragoza 2020.</p>



<p class="wp-block-paragraph"><a rel="noreferrer noopener" href="https://twitter.com/jjpeleato" target="_blank">@jjpeleato</a></p>



<p class="wp-block-paragraph"><a href="https://www.jjpeleato.com/" target="_blank" rel="noreferrer noopener">www.jjpeleato.com/</a></p>

<p>¡Hola! Mi nombre es José J. Peleato Pradel, nací en Huesca y soy de un pequeño pueblo llamado Tardienta. Apasionado del Pixel Perfect y Clean Code, me defino como una persona adepta del conocimiento libre y gratuito. En lo profesional me gusta formar parte de equipos que resuelven problemas difíciles e interesantes, actualmente trabajo cómo &hellip; <a href="https://spain.wordcamp.org/2020/speaker/jose-peleato/" class="more-link">Sigue leyendo<span class="screen-reader-text"> «José Peleato»</span></a></p>
