{"id":2897,"date":"2020-04-19T12:35:00","date_gmt":"2020-04-19T10:35:00","guid":{"rendered":"https:\/\/2020.spain.wordcamp.org\/?post_type=wcb_speaker&#038;p=2897"},"modified":"2020-04-23T21:09:58","modified_gmt":"2020-04-23T19:09:58","slug":"marina-brocca","status":"publish","type":"wcb_speaker","link":"https:\/\/spain.wordcamp.org\/2020\/speaker\/marina-brocca\/","title":{"rendered":"Marina Brocca"},"content":{"rendered":"\n<p class=\"wp-block-paragraph\">Consultora Especializada en Protecci\u00f3n de Datos en negocios digitales.<\/p>\n\n\n\n<p class=\"wp-block-paragraph\">A trav\u00e9s de mi blog <a href=\"https:\/\/marinabrocca.com\/\" target=\"_blank\" rel=\"noreferrer noopener\">marinabrocca.com<\/a>, difundo contenidos especializados en marketing legal, negocios online y protecci\u00f3n de datos RGPD. Tambi\u00e9n colaboro con diferentes medios como autor invitado, Columnista en Semrush.<\/p>\n\n\n\n<p class=\"wp-block-paragraph\">Participo habitualmente en acciones formativas, webinars y como ponente en congresos y seminarios.<\/p>\n\n\n\n<p class=\"wp-block-paragraph\"><a rel=\"noreferrer noopener\" href=\"https:\/\/twitter.com\/marinabrocca\" target=\"_blank\">@marinabrocca<\/a><\/p>\n\n\n\n<p class=\"wp-block-paragraph\"><a href=\"https:\/\/marinabrocca.com\/\" target=\"_blank\" rel=\"noreferrer noopener\">www.marinabrocca.com<\/a><\/p>\n","protected":false},"excerpt":{"rendered":"<p>Consultora Especializada en Protecci\u00f3n de Datos en negocios digitales. A trav\u00e9s de mi blog marinabrocca.com, difundo contenidos especializados en marketing legal, negocios online y protecci\u00f3n de datos RGPD. Tambi\u00e9n colaboro con diferentes medios como autor invitado, Columnista en Semrush. Participo habitualmente en acciones formativas, webinars y como ponente en congresos y seminarios. @marinabrocca www.marinabrocca.com<\/p>\n","protected":false},"author":15689130,"featured_media":0,"comment_status":"closed","ping_status":"closed","template":"","meta":{"_crdt_document":"","jetpack_post_was_ever_published":false,"_wcpt_user_name":"marinabrocca","footnotes":""},"speaker_group":[],"class_list":["post-2897","wcb_speaker","type-wcb_speaker","status-publish","hentry"],"jetpack_sharing_enabled":true,"avatar_urls":{"24":"https:\/\/secure.gravatar.com\/avatar\/5bda330e5ef8511089e4f7d964d4454a2178a4dad4ffc342f11561ab23f0e1fc?s=24&d=identicon&r=g","48":"https:\/\/secure.gravatar.com\/avatar\/5bda330e5ef8511089e4f7d964d4454a2178a4dad4ffc342f11561ab23f0e1fc?s=48&d=identicon&r=g","96":"https:\/\/secure.gravatar.com\/avatar\/5bda330e5ef8511089e4f7d964d4454a2178a4dad4ffc342f11561ab23f0e1fc?s=96&d=identicon&r=g","128":"https:\/\/secure.gravatar.com\/avatar\/5bda330e5ef8511089e4f7d964d4454a2178a4dad4ffc342f11561ab23f0e1fc?s=128&d=identicon&r=g","256":"https:\/\/secure.gravatar.com\/avatar\/5bda330e5ef8511089e4f7d964d4454a2178a4dad4ffc342f11561ab23f0e1fc?s=256&d=identicon&r=g","512":"https:\/\/secure.gravatar.com\/avatar\/5bda330e5ef8511089e4f7d964d4454a2178a4dad4ffc342f11561ab23f0e1fc?s=512&d=identicon&r=g"},"_links":{"self":[{"href":"https:\/\/spain.wordcamp.org\/2020\/wp-json\/wp\/v2\/speakers\/2897","targetHints":{"allow":["GET"]}}],"collection":[{"href":"https:\/\/spain.wordcamp.org\/2020\/wp-json\/wp\/v2\/speakers"}],"about":[{"href":"https:\/\/spain.wordcamp.org\/2020\/wp-json\/wp\/v2\/types\/wcb_speaker"}],"author":[{"embeddable":true,"href":"https:\/\/spain.wordcamp.org\/2020\/wp-json\/wp\/v2\/users\/15689130"}],"replies":[{"embeddable":true,"href":"https:\/\/spain.wordcamp.org\/2020\/wp-json\/wp\/v2\/comments?post=2897"}],"version-history":[{"count":4,"href":"https:\/\/spain.wordcamp.org\/2020\/wp-json\/wp\/v2\/speakers\/2897\/revisions"}],"predecessor-version":[{"id":4262,"href":"https:\/\/spain.wordcamp.org\/2020\/wp-json\/wp\/v2\/speakers\/2897\/revisions\/4262"}],"sessions":[{"embeddable":true,"href":"https:\/\/spain.wordcamp.org\/2020\/wp-json\/wp\/v2\/sessions\/3032?_embed=1&context=view"}],"wp:attachment":[{"href":"https:\/\/spain.wordcamp.org\/2020\/wp-json\/wp\/v2\/media?parent=2897"}],"wp:term":[{"taxonomy":"wcb_speaker_group","embeddable":true,"href":"https:\/\/spain.wordcamp.org\/2020\/wp-json\/wp\/v2\/speaker_group?post=2897"}],"curies":[{"name":"wp","href":"https:\/\/api.w.org\/{rel}","templated":true}]}}

<p class="wp-block-paragraph">Consultora Especializada en Protección de Datos en negocios digitales.</p>



<p class="wp-block-paragraph">A través de mi blog <a href="https://marinabrocca.com/" target="_blank" rel="noreferrer noopener">marinabrocca.com</a>, difundo contenidos especializados en marketing legal, negocios online y protección de datos RGPD. También colaboro con diferentes medios como autor invitado, Columnista en Semrush.</p>



<p class="wp-block-paragraph">Participo habitualmente en acciones formativas, webinars y como ponente en congresos y seminarios.</p>



<p class="wp-block-paragraph"><a rel="noreferrer noopener" href="https://twitter.com/marinabrocca" target="_blank">@marinabrocca</a></p>



<p class="wp-block-paragraph"><a href="https://marinabrocca.com/" target="_blank" rel="noreferrer noopener">www.marinabrocca.com</a></p>

<p>Consultora Especializada en Protección de Datos en negocios digitales. A través de mi blog marinabrocca.com, difundo contenidos especializados en marketing legal, negocios online y protección de datos RGPD. También colaboro con diferentes medios como autor invitado, Columnista en Semrush. Participo habitualmente en acciones formativas, webinars y como ponente en congresos y seminarios. @marinabrocca www.marinabrocca.com</p>
