{"id":2930,"date":"2020-04-19T13:30:00","date_gmt":"2020-04-19T11:30:00","guid":{"rendered":"https:\/\/2020.spain.wordcamp.org\/?post_type=wcb_speaker&#038;p=2930"},"modified":"2020-04-23T21:06:32","modified_gmt":"2020-04-23T19:06:32","slug":"fernan-diez","status":"publish","type":"wcb_speaker","link":"https:\/\/spain.wordcamp.org\/2020\/speaker\/fernan-diez\/","title":{"rendered":"Fernan D\u00edez"},"content":{"rendered":"\n<p class=\"wp-block-paragraph\">Mi nombre es Fernan D\u00edez y actualmente trabajo como coordinador de proyectos web en la empresa <a href=\"https:\/\/frikitek.com\/\" target=\"_blank\" rel=\"noreferrer noopener\">Frikitek<\/a>.<\/p>\n\n\n\n<p class=\"wp-block-paragraph\">En el d\u00eda a d\u00eda ayudamos a nuestros clientes a vender m\u00e1s y mejor a trav\u00e9s de estrategias de marketing digital, que incluyen el desarrollo y mantenimiento de sitios web, creados principalmente con WordPress.<\/p>\n\n\n\n<p class=\"wp-block-paragraph\">Tengo un podcast sobre WordPress con 450 episodios publicados, WordPress Diario, que actualmente lleva una temporada en pausa pero que s\u00e9 a ciencia cierta que volver\u00e9 a retomar.<\/p>\n\n\n\n<p class=\"wp-block-paragraph\">Conoc\u00ed WordPress hace 10 a\u00f1os y me enamor\u00e9 perdidamente de \u00e9l desde el primer momento. Desde entonces mi vida ha estado ligada al mundo del hosting web y a las nuevas tecnolog\u00edas, siendo colaborador habitual en programas radiof\u00f3nicos especializados.<\/p>\n\n\n\n<p class=\"wp-block-paragraph\">Colaboro en la medida de lo posible con la comunidad de WordPress aportando parte de mi tiempo libre en diferentes \u00e1reas de apoyo. Tambi\u00e9n participo actualmente en la organizaci\u00f3n de la Comunidad WordPress Bilbao y en la organizaci\u00f3n de las ediciones de WordCamp Bilbao 2018 y 2019.<\/p>\n\n\n\n<p class=\"wp-block-paragraph\">Si quer\u00e9is seguirme de cerca pod\u00e9is encontrarme tambi\u00e9n en <a rel=\"noreferrer noopener\" href=\"https:\/\/twitter.com\/fernan\" target=\"_blank\">Twitter<\/a>.<\/p>\n\n\n\n<p class=\"wp-block-paragraph\"><a rel=\"noreferrer noopener\" href=\"https:\/\/twitter.com\/Fernan\" target=\"_blank\">@Fernan<\/a><\/p>\n\n\n\n<p class=\"wp-block-paragraph\"><a href=\"https:\/\/www.fernan.com.es\/\" target=\"_blank\" rel=\"noreferrer noopener\">www.fernan.com.es<\/a><\/p>\n","protected":false},"excerpt":{"rendered":"<p>Mi nombre es Fernan D\u00edez y actualmente trabajo como coordinador de proyectos web en la empresa Frikitek. En el d\u00eda a d\u00eda ayudamos a nuestros clientes a vender m\u00e1s y mejor a trav\u00e9s de estrategias de marketing digital, que incluyen el desarrollo y mantenimiento de sitios web, creados principalmente con WordPress. Tengo un podcast sobre &hellip; <a href=\"https:\/\/spain.wordcamp.org\/2020\/speaker\/fernan-diez\/\" class=\"more-link\">Sigue leyendo<span class=\"screen-reader-text\"> \u00abFernan D\u00edez\u00bb<\/span><\/a><\/p>\n","protected":false},"author":15689130,"featured_media":0,"comment_status":"closed","ping_status":"closed","template":"","meta":{"_crdt_document":"","jetpack_post_was_ever_published":false,"_wcpt_user_name":"fernandiez","footnotes":""},"speaker_group":[],"class_list":["post-2930","wcb_speaker","type-wcb_speaker","status-publish","hentry"],"jetpack_sharing_enabled":true,"avatar_urls":{"24":"https:\/\/secure.gravatar.com\/avatar\/6065468b45759dbb89ce38877ad10d0f2a180c4b5add8a185c3dc4e483386985?s=24&d=identicon&r=g","48":"https:\/\/secure.gravatar.com\/avatar\/6065468b45759dbb89ce38877ad10d0f2a180c4b5add8a185c3dc4e483386985?s=48&d=identicon&r=g","96":"https:\/\/secure.gravatar.com\/avatar\/6065468b45759dbb89ce38877ad10d0f2a180c4b5add8a185c3dc4e483386985?s=96&d=identicon&r=g","128":"https:\/\/secure.gravatar.com\/avatar\/6065468b45759dbb89ce38877ad10d0f2a180c4b5add8a185c3dc4e483386985?s=128&d=identicon&r=g","256":"https:\/\/secure.gravatar.com\/avatar\/6065468b45759dbb89ce38877ad10d0f2a180c4b5add8a185c3dc4e483386985?s=256&d=identicon&r=g","512":"https:\/\/secure.gravatar.com\/avatar\/6065468b45759dbb89ce38877ad10d0f2a180c4b5add8a185c3dc4e483386985?s=512&d=identicon&r=g"},"_links":{"self":[{"href":"https:\/\/spain.wordcamp.org\/2020\/wp-json\/wp\/v2\/speakers\/2930","targetHints":{"allow":["GET"]}}],"collection":[{"href":"https:\/\/spain.wordcamp.org\/2020\/wp-json\/wp\/v2\/speakers"}],"about":[{"href":"https:\/\/spain.wordcamp.org\/2020\/wp-json\/wp\/v2\/types\/wcb_speaker"}],"author":[{"embeddable":true,"href":"https:\/\/spain.wordcamp.org\/2020\/wp-json\/wp\/v2\/users\/15689130"}],"replies":[{"embeddable":true,"href":"https:\/\/spain.wordcamp.org\/2020\/wp-json\/wp\/v2\/comments?post=2930"}],"version-history":[{"count":3,"href":"https:\/\/spain.wordcamp.org\/2020\/wp-json\/wp\/v2\/speakers\/2930\/revisions"}],"predecessor-version":[{"id":4255,"href":"https:\/\/spain.wordcamp.org\/2020\/wp-json\/wp\/v2\/speakers\/2930\/revisions\/4255"}],"sessions":[{"embeddable":true,"href":"https:\/\/spain.wordcamp.org\/2020\/wp-json\/wp\/v2\/sessions\/3069?_embed=1&context=view"}],"wp:attachment":[{"href":"https:\/\/spain.wordcamp.org\/2020\/wp-json\/wp\/v2\/media?parent=2930"}],"wp:term":[{"taxonomy":"wcb_speaker_group","embeddable":true,"href":"https:\/\/spain.wordcamp.org\/2020\/wp-json\/wp\/v2\/speaker_group?post=2930"}],"curies":[{"name":"wp","href":"https:\/\/api.w.org\/{rel}","templated":true}]}}

Fernan Díez

<p class="wp-block-paragraph">Mi nombre es Fernan Díez y actualmente trabajo como coordinador de proyectos web en la empresa <a href="https://frikitek.com/" target="_blank" rel="noreferrer noopener">Frikitek</a>.</p>



<p class="wp-block-paragraph">En el día a día ayudamos a nuestros clientes a vender más y mejor a través de estrategias de marketing digital, que incluyen el desarrollo y mantenimiento de sitios web, creados principalmente con WordPress.</p>



<p class="wp-block-paragraph">Tengo un podcast sobre WordPress con 450 episodios publicados, WordPress Diario, que actualmente lleva una temporada en pausa pero que sé a ciencia cierta que volveré a retomar.</p>



<p class="wp-block-paragraph">Conocí WordPress hace 10 años y me enamoré perdidamente de él desde el primer momento. Desde entonces mi vida ha estado ligada al mundo del hosting web y a las nuevas tecnologías, siendo colaborador habitual en programas radiofónicos especializados.</p>



<p class="wp-block-paragraph">Colaboro en la medida de lo posible con la comunidad de WordPress aportando parte de mi tiempo libre en diferentes áreas de apoyo. También participo actualmente en la organización de la Comunidad WordPress Bilbao y en la organización de las ediciones de WordCamp Bilbao 2018 y 2019.</p>



<p class="wp-block-paragraph">Si queréis seguirme de cerca podéis encontrarme también en <a rel="noreferrer noopener" href="https://twitter.com/fernan" target="_blank">Twitter</a>.</p>



<p class="wp-block-paragraph"><a rel="noreferrer noopener" href="https://twitter.com/Fernan" target="_blank">@Fernan</a></p>



<p class="wp-block-paragraph"><a href="https://www.fernan.com.es/" target="_blank" rel="noreferrer noopener">www.fernan.com.es</a></p>

<p>Mi nombre es Fernan Díez y actualmente trabajo como coordinador de proyectos web en la empresa Frikitek. En el día a día ayudamos a nuestros clientes a vender más y mejor a través de estrategias de marketing digital, que incluyen el desarrollo y mantenimiento de sitios web, creados principalmente con WordPress. Tengo un podcast sobre &hellip; <a href="https://spain.wordcamp.org/2020/speaker/fernan-diez/" class="more-link">Sigue leyendo<span class="screen-reader-text"> «Fernan Díez»</span></a></p>
