{"id":2932,"date":"2020-04-19T13:33:00","date_gmt":"2020-04-19T11:33:00","guid":{"rendered":"https:\/\/2020.spain.wordcamp.org\/?post_type=wcb_speaker&#038;p=2932"},"modified":"2020-04-23T21:02:48","modified_gmt":"2020-04-23T19:02:48","slug":"jesus-amieiro","status":"publish","type":"wcb_speaker","link":"https:\/\/spain.wordcamp.org\/2020\/speaker\/jesus-amieiro\/","title":{"rendered":"Jes\u00fas Amieiro"},"content":{"rendered":"\n<p class=\"wp-block-paragraph\">Soy Jes\u00fas Amieiro, ingeniero de telecomunicaci\u00f3n y artesano de las TIC. Trabajo como director t\u00e9cnico en Quadralia. Me dedico al desarrollo de proyectos a medida, principalmente en el \u00e1mbito de la sanidad y de la trazabilidad marina. Como tecnolog\u00edas me encuentro muy c\u00f3modo con Laravel, WordPress y, fundamentalmente, con el software libre. Participo o he participado en comunidades de PHP, WordPress y de software libre.<\/p>\n\n\n\n<p class=\"wp-block-paragraph\">Publico semanalmente <a rel=\"noreferrer noopener\" href=\"https:\/\/www.lasemanaphp.com\" target=\"_blank\">La semana PHP<\/a>, una colecci\u00f3n semanal de noticias, tutoriales e informaci\u00f3n relevante sobre PHP y su ecosistema: Laravel, Symfony, WordPress, Drupal\u2026<\/p>\n\n\n\n<p class=\"wp-block-paragraph\">Tengo varios <em>side projects<\/em>, como son:<\/p>\n\n\n\n<ul class=\"wp-block-list\"><li><a rel=\"noreferrer noopener\" href=\"https:\/\/www.controlthework.com\/\" target=\"_blank\">Control the work<\/a><\/li><li><a rel=\"noreferrer noopener\" href=\"https:\/\/www.ipvigilante.com\/\" target=\"_blank\">IP Vigilante<\/a><\/li><li><a rel=\"noreferrer noopener\" href=\"https:\/\/descargarmaquinasvirtuales.com\/\" target=\"_blank\">Descargar m\u00e1quinas virtuales<\/a><\/li><\/ul>\n\n\n\n<p class=\"wp-block-paragraph\"><a rel=\"noreferrer noopener\" href=\"https:\/\/twitter.com\/JesusAmieiro\" target=\"_blank\">@JesusAmieiro<\/a><\/p>\n\n\n\n<p class=\"wp-block-paragraph\"><a href=\"https:\/\/www.jesusamieiro.com\/\" target=\"_blank\" rel=\"noreferrer noopener\">www.jesusamieiro.com<\/a><\/p>\n","protected":false},"excerpt":{"rendered":"<p>Soy Jes\u00fas Amieiro, ingeniero de telecomunicaci\u00f3n y artesano de las TIC. Trabajo como director t\u00e9cnico en Quadralia. Me dedico al desarrollo de proyectos a medida, principalmente en el \u00e1mbito de la sanidad y de la trazabilidad marina. Como tecnolog\u00edas me encuentro muy c\u00f3modo con Laravel, WordPress y, fundamentalmente, con el software libre. Participo o he &hellip; <a href=\"https:\/\/spain.wordcamp.org\/2020\/speaker\/jesus-amieiro\/\" class=\"more-link\">Sigue leyendo<span class=\"screen-reader-text\"> \u00abJes\u00fas Amieiro\u00bb<\/span><\/a><\/p>\n","protected":false},"author":15689130,"featured_media":0,"comment_status":"closed","ping_status":"closed","template":"","meta":{"_crdt_document":"","jetpack_post_was_ever_published":false,"_wcpt_user_name":"Amieiro","footnotes":""},"speaker_group":[],"class_list":["post-2932","wcb_speaker","type-wcb_speaker","status-publish","hentry"],"jetpack_sharing_enabled":true,"avatar_urls":{"24":"https:\/\/secure.gravatar.com\/avatar\/2ef71a5ac0d5866fd948ac503691867122c996994fb6e117f08ae8d08de99286?s=24&d=identicon&r=g","48":"https:\/\/secure.gravatar.com\/avatar\/2ef71a5ac0d5866fd948ac503691867122c996994fb6e117f08ae8d08de99286?s=48&d=identicon&r=g","96":"https:\/\/secure.gravatar.com\/avatar\/2ef71a5ac0d5866fd948ac503691867122c996994fb6e117f08ae8d08de99286?s=96&d=identicon&r=g","128":"https:\/\/secure.gravatar.com\/avatar\/2ef71a5ac0d5866fd948ac503691867122c996994fb6e117f08ae8d08de99286?s=128&d=identicon&r=g","256":"https:\/\/secure.gravatar.com\/avatar\/2ef71a5ac0d5866fd948ac503691867122c996994fb6e117f08ae8d08de99286?s=256&d=identicon&r=g","512":"https:\/\/secure.gravatar.com\/avatar\/2ef71a5ac0d5866fd948ac503691867122c996994fb6e117f08ae8d08de99286?s=512&d=identicon&r=g"},"_links":{"self":[{"href":"https:\/\/spain.wordcamp.org\/2020\/wp-json\/wp\/v2\/speakers\/2932","targetHints":{"allow":["GET"]}}],"collection":[{"href":"https:\/\/spain.wordcamp.org\/2020\/wp-json\/wp\/v2\/speakers"}],"about":[{"href":"https:\/\/spain.wordcamp.org\/2020\/wp-json\/wp\/v2\/types\/wcb_speaker"}],"author":[{"embeddable":true,"href":"https:\/\/spain.wordcamp.org\/2020\/wp-json\/wp\/v2\/users\/15689130"}],"replies":[{"embeddable":true,"href":"https:\/\/spain.wordcamp.org\/2020\/wp-json\/wp\/v2\/comments?post=2932"}],"version-history":[{"count":5,"href":"https:\/\/spain.wordcamp.org\/2020\/wp-json\/wp\/v2\/speakers\/2932\/revisions"}],"predecessor-version":[{"id":4254,"href":"https:\/\/spain.wordcamp.org\/2020\/wp-json\/wp\/v2\/speakers\/2932\/revisions\/4254"}],"sessions":[{"embeddable":true,"href":"https:\/\/spain.wordcamp.org\/2020\/wp-json\/wp\/v2\/sessions\/3072?_embed=1&context=view"}],"wp:attachment":[{"href":"https:\/\/spain.wordcamp.org\/2020\/wp-json\/wp\/v2\/media?parent=2932"}],"wp:term":[{"taxonomy":"wcb_speaker_group","embeddable":true,"href":"https:\/\/spain.wordcamp.org\/2020\/wp-json\/wp\/v2\/speaker_group?post=2932"}],"curies":[{"name":"wp","href":"https:\/\/api.w.org\/{rel}","templated":true}]}}

Jesús Amieiro

<p class="wp-block-paragraph">Soy Jesús Amieiro, ingeniero de telecomunicación y artesano de las TIC. Trabajo como director técnico en Quadralia. Me dedico al desarrollo de proyectos a medida, principalmente en el ámbito de la sanidad y de la trazabilidad marina. Como tecnologías me encuentro muy cómodo con Laravel, WordPress y, fundamentalmente, con el software libre. Participo o he participado en comunidades de PHP, WordPress y de software libre.</p>



<p class="wp-block-paragraph">Publico semanalmente <a rel="noreferrer noopener" href="https://www.lasemanaphp.com" target="_blank">La semana PHP</a>, una colección semanal de noticias, tutoriales e información relevante sobre PHP y su ecosistema: Laravel, Symfony, WordPress, Drupal…</p>



<p class="wp-block-paragraph">Tengo varios <em>side projects</em>, como son:</p>



<ul class="wp-block-list"><li><a rel="noreferrer noopener" href="https://www.controlthework.com/" target="_blank">Control the work</a></li><li><a rel="noreferrer noopener" href="https://www.ipvigilante.com/" target="_blank">IP Vigilante</a></li><li><a rel="noreferrer noopener" href="https://descargarmaquinasvirtuales.com/" target="_blank">Descargar máquinas virtuales</a></li></ul>



<p class="wp-block-paragraph"><a rel="noreferrer noopener" href="https://twitter.com/JesusAmieiro" target="_blank">@JesusAmieiro</a></p>



<p class="wp-block-paragraph"><a href="https://www.jesusamieiro.com/" target="_blank" rel="noreferrer noopener">www.jesusamieiro.com</a></p>

<p>Soy Jesús Amieiro, ingeniero de telecomunicación y artesano de las TIC. Trabajo como director técnico en Quadralia. Me dedico al desarrollo de proyectos a medida, principalmente en el ámbito de la sanidad y de la trazabilidad marina. Como tecnologías me encuentro muy cómodo con Laravel, WordPress y, fundamentalmente, con el software libre. Participo o he &hellip; <a href="https://spain.wordcamp.org/2020/speaker/jesus-amieiro/" class="more-link">Sigue leyendo<span class="screen-reader-text"> «Jesús Amieiro»</span></a></p>
