{"id":2934,"date":"2020-04-19T13:39:00","date_gmt":"2020-04-19T11:39:00","guid":{"rendered":"https:\/\/2020.spain.wordcamp.org\/?post_type=wcb_speaker&#038;p=2934"},"modified":"2020-04-23T21:00:02","modified_gmt":"2020-04-23T19:00:02","slug":"laura-carracedo","status":"publish","type":"wcb_speaker","link":"https:\/\/spain.wordcamp.org\/2020\/speaker\/laura-carracedo\/","title":{"rendered":"Laura Carracedo"},"content":{"rendered":"\n<p class=\"wp-block-paragraph\">Impulsando talentos a trav\u00e9s del branding y el dise\u00f1o gr\u00e1fico.<\/p>\n\n\n\n<p class=\"wp-block-paragraph\">Ayudo a emprendedores digitales a definir una identidad de marca \u00fanica y sencilla dise\u00f1ada para alcanzar todas sus metas.<\/p>\n\n\n\n<p class=\"wp-block-paragraph\"><a rel=\"noreferrer noopener\" href=\"https:\/\/twitter.com\/lauracarracedo\" target=\"_blank\">@lauracarracedo<\/a><\/p>\n\n\n\n<p class=\"wp-block-paragraph\"><a href=\"https:\/\/lauracarracedo.com\/\" target=\"_blank\" rel=\"noreferrer noopener\">www.lauracarracedo.com<\/a><\/p>\n","protected":false},"excerpt":{"rendered":"<p>Impulsando talentos a trav\u00e9s del branding y el dise\u00f1o gr\u00e1fico. Ayudo a emprendedores digitales a definir una identidad de marca \u00fanica y sencilla dise\u00f1ada para alcanzar todas sus metas. @lauracarracedo www.lauracarracedo.com<\/p>\n","protected":false},"author":15689130,"featured_media":0,"comment_status":"closed","ping_status":"closed","template":"","meta":{"_crdt_document":"","jetpack_post_was_ever_published":false,"_wcpt_user_name":"lauracarracedo","footnotes":""},"speaker_group":[],"class_list":["post-2934","wcb_speaker","type-wcb_speaker","status-publish","hentry"],"jetpack_sharing_enabled":true,"avatar_urls":{"24":"https:\/\/secure.gravatar.com\/avatar\/af80bb2f96ffedc37229b1e51aaaa41ac99db4f83e6c608f0bf8995e64e1434b?s=24&d=identicon&r=g","48":"https:\/\/secure.gravatar.com\/avatar\/af80bb2f96ffedc37229b1e51aaaa41ac99db4f83e6c608f0bf8995e64e1434b?s=48&d=identicon&r=g","96":"https:\/\/secure.gravatar.com\/avatar\/af80bb2f96ffedc37229b1e51aaaa41ac99db4f83e6c608f0bf8995e64e1434b?s=96&d=identicon&r=g","128":"https:\/\/secure.gravatar.com\/avatar\/af80bb2f96ffedc37229b1e51aaaa41ac99db4f83e6c608f0bf8995e64e1434b?s=128&d=identicon&r=g","256":"https:\/\/secure.gravatar.com\/avatar\/af80bb2f96ffedc37229b1e51aaaa41ac99db4f83e6c608f0bf8995e64e1434b?s=256&d=identicon&r=g","512":"https:\/\/secure.gravatar.com\/avatar\/af80bb2f96ffedc37229b1e51aaaa41ac99db4f83e6c608f0bf8995e64e1434b?s=512&d=identicon&r=g"},"_links":{"self":[{"href":"https:\/\/spain.wordcamp.org\/2020\/wp-json\/wp\/v2\/speakers\/2934","targetHints":{"allow":["GET"]}}],"collection":[{"href":"https:\/\/spain.wordcamp.org\/2020\/wp-json\/wp\/v2\/speakers"}],"about":[{"href":"https:\/\/spain.wordcamp.org\/2020\/wp-json\/wp\/v2\/types\/wcb_speaker"}],"author":[{"embeddable":true,"href":"https:\/\/spain.wordcamp.org\/2020\/wp-json\/wp\/v2\/users\/15689130"}],"replies":[{"embeddable":true,"href":"https:\/\/spain.wordcamp.org\/2020\/wp-json\/wp\/v2\/comments?post=2934"}],"version-history":[{"count":3,"href":"https:\/\/spain.wordcamp.org\/2020\/wp-json\/wp\/v2\/speakers\/2934\/revisions"}],"predecessor-version":[{"id":4252,"href":"https:\/\/spain.wordcamp.org\/2020\/wp-json\/wp\/v2\/speakers\/2934\/revisions\/4252"}],"sessions":[{"embeddable":true,"href":"https:\/\/spain.wordcamp.org\/2020\/wp-json\/wp\/v2\/sessions\/3074?_embed=1&context=view"}],"wp:attachment":[{"href":"https:\/\/spain.wordcamp.org\/2020\/wp-json\/wp\/v2\/media?parent=2934"}],"wp:term":[{"taxonomy":"wcb_speaker_group","embeddable":true,"href":"https:\/\/spain.wordcamp.org\/2020\/wp-json\/wp\/v2\/speaker_group?post=2934"}],"curies":[{"name":"wp","href":"https:\/\/api.w.org\/{rel}","templated":true}]}}

<p class="wp-block-paragraph">Impulsando talentos a través del branding y el diseño gráfico.</p>



<p class="wp-block-paragraph">Ayudo a emprendedores digitales a definir una identidad de marca única y sencilla diseñada para alcanzar todas sus metas.</p>



<p class="wp-block-paragraph"><a rel="noreferrer noopener" href="https://twitter.com/lauracarracedo" target="_blank">@lauracarracedo</a></p>



<p class="wp-block-paragraph"><a href="https://lauracarracedo.com/" target="_blank" rel="noreferrer noopener">www.lauracarracedo.com</a></p>

<p>Impulsando talentos a través del branding y el diseño gráfico. Ayudo a emprendedores digitales a definir una identidad de marca única y sencilla diseñada para alcanzar todas sus metas. @lauracarracedo www.lauracarracedo.com</p>
