{"id":2954,"date":"2020-04-19T13:55:00","date_gmt":"2020-04-19T11:55:00","guid":{"rendered":"https:\/\/2020.spain.wordcamp.org\/?post_type=wcb_speaker&#038;p=2954"},"modified":"2020-04-23T20:31:10","modified_gmt":"2020-04-23T18:31:10","slug":"isabel-garcia","status":"publish","type":"wcb_speaker","link":"https:\/\/spain.wordcamp.org\/2020\/speaker\/isabel-garcia\/","title":{"rendered":"Isabel Garc\u00eda"},"content":{"rendered":"\n<p class=\"wp-block-paragraph\">Me llamo Isabel Garc\u00eda y estoy especializada en el desarrollo de campa\u00f1as de publicidad digital, lo que hoy en d\u00eda se conoce como \u00abTrafficker digital\u00bb. Soy Freelance y opero bajo el nombre \u00ab<a rel=\"noreferrer noopener\" href=\"https:\/\/semtido.com\/\" target=\"_blank\">SEMtido Publicidad Digital<\/a>\u00bb.<\/p>\n\n\n\n<p class=\"wp-block-paragraph\">Durante m\u00e1s de 5 a\u00f1os fui locutora de radio en emisoras como Cadena Ser, Radio Voz y Cadena COPE, como la radio me apasiona cree mi podcast \u00abSEMtido para emprendedores\u00bb donde hablo de conceptos b\u00e1sico de marketing digital enfocado a la publicidad. Si quieres escucharme puedes hacerlo en <a rel=\"noreferrer noopener\" href=\"https:\/\/open.spotify.com\/show\/7zQMy88WrvKS7ocH1VurXH\" target=\"_blank\">Spotify &#8211; SEMtido para emprendedores<\/a>.\u00a0<\/p>\n\n\n\n<p class=\"wp-block-paragraph\">Tambi\u00e9n gestion\u00e9 durante 18 a\u00f1os clientes en Galicia y Portugal ya que la venta y la negociaci\u00f3n es otra de mis pasiones.<\/p>\n\n\n\n<p class=\"wp-block-paragraph\">Actualmente fusiono todas mis inquietudes profesionales ayudando a profesionales y empresas a tener\u00a0 m\u00e1s visibilidad en Internet y conseguir m\u00e1s clientes a trav\u00e9s de campa\u00f1as de publicidad segmentadas.<\/p>\n\n\n\n<p class=\"wp-block-paragraph\"><a rel=\"noreferrer noopener\" href=\"https:\/\/twitter.com\/SemtidoD\" target=\"_blank\">@SemtidoD<\/a><\/p>\n\n\n\n<p class=\"wp-block-paragraph\"><a href=\"https:\/\/semtido.com\/\" target=\"_blank\" rel=\"noreferrer noopener\">www.semtido.com<\/a><\/p>\n","protected":false},"excerpt":{"rendered":"<p>Me llamo Isabel Garc\u00eda y estoy especializada en el desarrollo de campa\u00f1as de publicidad digital, lo que hoy en d\u00eda se conoce como \u00abTrafficker digital\u00bb. Soy Freelance y opero bajo el nombre \u00abSEMtido Publicidad Digital\u00bb. Durante m\u00e1s de 5 a\u00f1os fui locutora de radio en emisoras como Cadena Ser, Radio Voz y Cadena COPE, como &hellip; <a href=\"https:\/\/spain.wordcamp.org\/2020\/speaker\/isabel-garcia\/\" class=\"more-link\">Sigue leyendo<span class=\"screen-reader-text\"> \u00abIsabel Garc\u00eda\u00bb<\/span><\/a><\/p>\n","protected":false},"author":15689130,"featured_media":0,"comment_status":"closed","ping_status":"closed","template":"","meta":{"_crdt_document":"","jetpack_post_was_ever_published":false,"_wcpt_user_name":"isabelsemtido","footnotes":""},"speaker_group":[],"class_list":["post-2954","wcb_speaker","type-wcb_speaker","status-publish","hentry"],"jetpack_sharing_enabled":true,"avatar_urls":{"24":"https:\/\/secure.gravatar.com\/avatar\/b3936d153f8a9dd2c603956d8c6a34465ef98983a28cfa647f0fa342a74055e1?s=24&d=identicon&r=g","48":"https:\/\/secure.gravatar.com\/avatar\/b3936d153f8a9dd2c603956d8c6a34465ef98983a28cfa647f0fa342a74055e1?s=48&d=identicon&r=g","96":"https:\/\/secure.gravatar.com\/avatar\/b3936d153f8a9dd2c603956d8c6a34465ef98983a28cfa647f0fa342a74055e1?s=96&d=identicon&r=g","128":"https:\/\/secure.gravatar.com\/avatar\/b3936d153f8a9dd2c603956d8c6a34465ef98983a28cfa647f0fa342a74055e1?s=128&d=identicon&r=g","256":"https:\/\/secure.gravatar.com\/avatar\/b3936d153f8a9dd2c603956d8c6a34465ef98983a28cfa647f0fa342a74055e1?s=256&d=identicon&r=g","512":"https:\/\/secure.gravatar.com\/avatar\/b3936d153f8a9dd2c603956d8c6a34465ef98983a28cfa647f0fa342a74055e1?s=512&d=identicon&r=g"},"_links":{"self":[{"href":"https:\/\/spain.wordcamp.org\/2020\/wp-json\/wp\/v2\/speakers\/2954","targetHints":{"allow":["GET"]}}],"collection":[{"href":"https:\/\/spain.wordcamp.org\/2020\/wp-json\/wp\/v2\/speakers"}],"about":[{"href":"https:\/\/spain.wordcamp.org\/2020\/wp-json\/wp\/v2\/types\/wcb_speaker"}],"author":[{"embeddable":true,"href":"https:\/\/spain.wordcamp.org\/2020\/wp-json\/wp\/v2\/users\/15689130"}],"replies":[{"embeddable":true,"href":"https:\/\/spain.wordcamp.org\/2020\/wp-json\/wp\/v2\/comments?post=2954"}],"version-history":[{"count":3,"href":"https:\/\/spain.wordcamp.org\/2020\/wp-json\/wp\/v2\/speakers\/2954\/revisions"}],"predecessor-version":[{"id":4237,"href":"https:\/\/spain.wordcamp.org\/2020\/wp-json\/wp\/v2\/speakers\/2954\/revisions\/4237"}],"sessions":[{"embeddable":true,"href":"https:\/\/spain.wordcamp.org\/2020\/wp-json\/wp\/v2\/sessions\/3096?_embed=1&context=view"}],"wp:attachment":[{"href":"https:\/\/spain.wordcamp.org\/2020\/wp-json\/wp\/v2\/media?parent=2954"}],"wp:term":[{"taxonomy":"wcb_speaker_group","embeddable":true,"href":"https:\/\/spain.wordcamp.org\/2020\/wp-json\/wp\/v2\/speaker_group?post=2954"}],"curies":[{"name":"wp","href":"https:\/\/api.w.org\/{rel}","templated":true}]}}

Isabel García

<p class="wp-block-paragraph">Me llamo Isabel García y estoy especializada en el desarrollo de campañas de publicidad digital, lo que hoy en día se conoce como «Trafficker digital». Soy Freelance y opero bajo el nombre «<a rel="noreferrer noopener" href="https://semtido.com/" target="_blank">SEMtido Publicidad Digital</a>».</p>



<p class="wp-block-paragraph">Durante más de 5 años fui locutora de radio en emisoras como Cadena Ser, Radio Voz y Cadena COPE, como la radio me apasiona cree mi podcast «SEMtido para emprendedores» donde hablo de conceptos básico de marketing digital enfocado a la publicidad. Si quieres escucharme puedes hacerlo en <a rel="noreferrer noopener" href="https://open.spotify.com/show/7zQMy88WrvKS7ocH1VurXH" target="_blank">Spotify &#8211; SEMtido para emprendedores</a>. </p>



<p class="wp-block-paragraph">También gestioné durante 18 años clientes en Galicia y Portugal ya que la venta y la negociación es otra de mis pasiones.</p>



<p class="wp-block-paragraph">Actualmente fusiono todas mis inquietudes profesionales ayudando a profesionales y empresas a tener  más visibilidad en Internet y conseguir más clientes a través de campañas de publicidad segmentadas.</p>



<p class="wp-block-paragraph"><a rel="noreferrer noopener" href="https://twitter.com/SemtidoD" target="_blank">@SemtidoD</a></p>



<p class="wp-block-paragraph"><a href="https://semtido.com/" target="_blank" rel="noreferrer noopener">www.semtido.com</a></p>

<p>Me llamo Isabel García y estoy especializada en el desarrollo de campañas de publicidad digital, lo que hoy en día se conoce como «Trafficker digital». Soy Freelance y opero bajo el nombre «SEMtido Publicidad Digital». Durante más de 5 años fui locutora de radio en emisoras como Cadena Ser, Radio Voz y Cadena COPE, como &hellip; <a href="https://spain.wordcamp.org/2020/speaker/isabel-garcia/" class="more-link">Sigue leyendo<span class="screen-reader-text"> «Isabel García»</span></a></p>
