{"id":2971,"date":"2020-04-19T14:09:00","date_gmt":"2020-04-19T12:09:00","guid":{"rendered":"https:\/\/2020.spain.wordcamp.org\/?post_type=wcb_speaker&#038;p=2971"},"modified":"2020-04-23T20:06:38","modified_gmt":"2020-04-23T18:06:38","slug":"vanessa-martinez","status":"publish","type":"wcb_speaker","link":"https:\/\/spain.wordcamp.org\/2020\/speaker\/vanessa-martinez\/","title":{"rendered":"Vanessa Mart\u00ednez"},"content":{"rendered":"\n<p class=\"wp-block-paragraph\">Comunicadora Social y amante del Marketing Digital, especializada en Inbound Marketing, espec\u00edficamente en marketing de contenidos, social media y SEO. Con experiencia en gesti\u00f3n de proyectos, liderazgo de equipo y producci\u00f3n de eventos.<\/p>\n\n\n\n<p class=\"wp-block-paragraph\">Formo parte de la Comunidad WordPress de Nicaragua, donde desde 2017, he tenido la oportunidad de participar en meetups como organizadora, aprendiz y ponente; asimismo, he apoyado con mis conocimientos y habilidades en la organizaci\u00f3n de la WordCamp Managua 2019 y como \u00faltimo reto, asum\u00ed el rol de coliderar la primera WordCamp Centroam\u00e9rica.<\/p>\n\n\n\n<p class=\"wp-block-paragraph\">Siempre estoy en busca de nuevos conocimientos, oportunidades y horizontes.<\/p>\n\n\n\n<p class=\"wp-block-paragraph\"><a rel=\"noreferrer noopener\" href=\"https:\/\/twitter.com\/Martinez_008\" target=\"_blank\">@Martinez_008<\/a><\/p>\n","protected":false},"excerpt":{"rendered":"<p>Comunicadora Social y amante del Marketing Digital, especializada en Inbound Marketing, espec\u00edficamente en marketing de contenidos, social media y SEO. Con experiencia en gesti\u00f3n de proyectos, liderazgo de equipo y producci\u00f3n de eventos. Formo parte de la Comunidad WordPress de Nicaragua, donde desde 2017, he tenido la oportunidad de participar en meetups como organizadora, aprendiz &hellip; <a href=\"https:\/\/spain.wordcamp.org\/2020\/speaker\/vanessa-martinez\/\" class=\"more-link\">Sigue leyendo<span class=\"screen-reader-text\"> \u00abVanessa Mart\u00ednez\u00bb<\/span><\/a><\/p>\n","protected":false},"author":15689130,"featured_media":0,"comment_status":"closed","ping_status":"closed","template":"","meta":{"_crdt_document":"","jetpack_post_was_ever_published":false,"_wcpt_user_name":"vmartinez008","footnotes":""},"speaker_group":[],"class_list":["post-2971","wcb_speaker","type-wcb_speaker","status-publish","hentry"],"jetpack_sharing_enabled":true,"avatar_urls":{"24":"https:\/\/secure.gravatar.com\/avatar\/55df6924c102892d9dadbf2c8d7ffd6892215cd63dc0c1d03eed423df3de9f04?s=24&d=identicon&r=g","48":"https:\/\/secure.gravatar.com\/avatar\/55df6924c102892d9dadbf2c8d7ffd6892215cd63dc0c1d03eed423df3de9f04?s=48&d=identicon&r=g","96":"https:\/\/secure.gravatar.com\/avatar\/55df6924c102892d9dadbf2c8d7ffd6892215cd63dc0c1d03eed423df3de9f04?s=96&d=identicon&r=g","128":"https:\/\/secure.gravatar.com\/avatar\/55df6924c102892d9dadbf2c8d7ffd6892215cd63dc0c1d03eed423df3de9f04?s=128&d=identicon&r=g","256":"https:\/\/secure.gravatar.com\/avatar\/55df6924c102892d9dadbf2c8d7ffd6892215cd63dc0c1d03eed423df3de9f04?s=256&d=identicon&r=g","512":"https:\/\/secure.gravatar.com\/avatar\/55df6924c102892d9dadbf2c8d7ffd6892215cd63dc0c1d03eed423df3de9f04?s=512&d=identicon&r=g"},"_links":{"self":[{"href":"https:\/\/spain.wordcamp.org\/2020\/wp-json\/wp\/v2\/speakers\/2971","targetHints":{"allow":["GET"]}}],"collection":[{"href":"https:\/\/spain.wordcamp.org\/2020\/wp-json\/wp\/v2\/speakers"}],"about":[{"href":"https:\/\/spain.wordcamp.org\/2020\/wp-json\/wp\/v2\/types\/wcb_speaker"}],"author":[{"embeddable":true,"href":"https:\/\/spain.wordcamp.org\/2020\/wp-json\/wp\/v2\/users\/15689130"}],"replies":[{"embeddable":true,"href":"https:\/\/spain.wordcamp.org\/2020\/wp-json\/wp\/v2\/comments?post=2971"}],"version-history":[{"count":3,"href":"https:\/\/spain.wordcamp.org\/2020\/wp-json\/wp\/v2\/speakers\/2971\/revisions"}],"predecessor-version":[{"id":4229,"href":"https:\/\/spain.wordcamp.org\/2020\/wp-json\/wp\/v2\/speakers\/2971\/revisions\/4229"}],"sessions":[{"embeddable":true,"href":"https:\/\/spain.wordcamp.org\/2020\/wp-json\/wp\/v2\/sessions\/3106?_embed=1&context=view"}],"wp:attachment":[{"href":"https:\/\/spain.wordcamp.org\/2020\/wp-json\/wp\/v2\/media?parent=2971"}],"wp:term":[{"taxonomy":"wcb_speaker_group","embeddable":true,"href":"https:\/\/spain.wordcamp.org\/2020\/wp-json\/wp\/v2\/speaker_group?post=2971"}],"curies":[{"name":"wp","href":"https:\/\/api.w.org\/{rel}","templated":true}]}}

Vanessa Martínez

<p class="wp-block-paragraph">Comunicadora Social y amante del Marketing Digital, especializada en Inbound Marketing, específicamente en marketing de contenidos, social media y SEO. Con experiencia en gestión de proyectos, liderazgo de equipo y producción de eventos.</p>



<p class="wp-block-paragraph">Formo parte de la Comunidad WordPress de Nicaragua, donde desde 2017, he tenido la oportunidad de participar en meetups como organizadora, aprendiz y ponente; asimismo, he apoyado con mis conocimientos y habilidades en la organización de la WordCamp Managua 2019 y como último reto, asumí el rol de coliderar la primera WordCamp Centroamérica.</p>



<p class="wp-block-paragraph">Siempre estoy en busca de nuevos conocimientos, oportunidades y horizontes.</p>



<p class="wp-block-paragraph"><a rel="noreferrer noopener" href="https://twitter.com/Martinez_008" target="_blank">@Martinez_008</a></p>

<p>Comunicadora Social y amante del Marketing Digital, especializada en Inbound Marketing, específicamente en marketing de contenidos, social media y SEO. Con experiencia en gestión de proyectos, liderazgo de equipo y producción de eventos. Formo parte de la Comunidad WordPress de Nicaragua, donde desde 2017, he tenido la oportunidad de participar en meetups como organizadora, aprendiz &hellip; <a href="https://spain.wordcamp.org/2020/speaker/vanessa-martinez/" class="more-link">Sigue leyendo<span class="screen-reader-text"> «Vanessa Martínez»</span></a></p>
