{"id":3008,"date":"2020-04-18T15:09:12","date_gmt":"2020-04-18T13:09:12","guid":{"rendered":"https:\/\/2020.spain.wordcamp.org\/?post_type=wcb_speaker&#038;p=3008"},"modified":"2020-04-23T21:16:42","modified_gmt":"2020-04-23T19:16:42","slug":"jose-ramon-padron","status":"publish","type":"wcb_speaker","link":"https:\/\/spain.wordcamp.org\/2020\/speaker\/jose-ramon-padron\/","title":{"rendered":"Jos\u00e9 Ram\u00f3n Padr\u00f3n"},"content":{"rendered":"\n<p class=\"wp-block-paragraph\">Dedicado al vertical del hosting desde hace veinte a\u00f1os, Jos\u00e9 Ram\u00f3n es Country Manager de SiteGround en Espa\u00f1a, un conocido proveedor de servicios de hosting administrados especializados en WordPress.<\/p>\n\n\n\n<p class=\"wp-block-paragraph\">Fan incondicional de la m\u00fasica rock, la gastronom\u00eda y la ciencia ficci\u00f3n. <\/p>\n\n\n\n<p class=\"wp-block-paragraph\">Contribuye a la comunidad WordPress como co-organizador del grupo de Meetup y la WordCamp de Las Palmas de Gran Canaria y como responsable de contenido de WCEU.<\/p>\n\n\n\n<p class=\"wp-block-paragraph\"><a rel=\"noreferrer noopener\" href=\"https:\/\/twitter.com\/monchomad\" target=\"_blank\">@monchomad<\/a><\/p>\n","protected":false},"excerpt":{"rendered":"<p>Dedicado al vertical del hosting desde hace veinte a\u00f1os, Jos\u00e9 Ram\u00f3n es Country Manager de SiteGround en Espa\u00f1a, un conocido proveedor de servicios de hosting administrados especializados en WordPress. Fan incondicional de la m\u00fasica rock, la gastronom\u00eda y la ciencia ficci\u00f3n. Contribuye a la comunidad WordPress como co-organizador del grupo de Meetup y la WordCamp &hellip; <a href=\"https:\/\/spain.wordcamp.org\/2020\/speaker\/jose-ramon-padron\/\" class=\"more-link\">Sigue leyendo<span class=\"screen-reader-text\"> \u00abJos\u00e9 Ram\u00f3n Padr\u00f3n\u00bb<\/span><\/a><\/p>\n","protected":false},"author":15689130,"featured_media":0,"comment_status":"closed","ping_status":"closed","template":"","meta":{"_crdt_document":"","jetpack_post_was_ever_published":false,"_wcpt_user_name":"monchomad","footnotes":""},"speaker_group":[],"class_list":["post-3008","wcb_speaker","type-wcb_speaker","status-publish","hentry"],"jetpack_sharing_enabled":true,"avatar_urls":{"24":"https:\/\/secure.gravatar.com\/avatar\/b96138f8f41a63ffc23173ab3faa5e53ee0c39328a8fee3dcaa964d6c2bf6138?s=24&d=identicon&r=g","48":"https:\/\/secure.gravatar.com\/avatar\/b96138f8f41a63ffc23173ab3faa5e53ee0c39328a8fee3dcaa964d6c2bf6138?s=48&d=identicon&r=g","96":"https:\/\/secure.gravatar.com\/avatar\/b96138f8f41a63ffc23173ab3faa5e53ee0c39328a8fee3dcaa964d6c2bf6138?s=96&d=identicon&r=g","128":"https:\/\/secure.gravatar.com\/avatar\/b96138f8f41a63ffc23173ab3faa5e53ee0c39328a8fee3dcaa964d6c2bf6138?s=128&d=identicon&r=g","256":"https:\/\/secure.gravatar.com\/avatar\/b96138f8f41a63ffc23173ab3faa5e53ee0c39328a8fee3dcaa964d6c2bf6138?s=256&d=identicon&r=g","512":"https:\/\/secure.gravatar.com\/avatar\/b96138f8f41a63ffc23173ab3faa5e53ee0c39328a8fee3dcaa964d6c2bf6138?s=512&d=identicon&r=g"},"_links":{"self":[{"href":"https:\/\/spain.wordcamp.org\/2020\/wp-json\/wp\/v2\/speakers\/3008","targetHints":{"allow":["GET"]}}],"collection":[{"href":"https:\/\/spain.wordcamp.org\/2020\/wp-json\/wp\/v2\/speakers"}],"about":[{"href":"https:\/\/spain.wordcamp.org\/2020\/wp-json\/wp\/v2\/types\/wcb_speaker"}],"author":[{"embeddable":true,"href":"https:\/\/spain.wordcamp.org\/2020\/wp-json\/wp\/v2\/users\/15689130"}],"replies":[{"embeddable":true,"href":"https:\/\/spain.wordcamp.org\/2020\/wp-json\/wp\/v2\/comments?post=3008"}],"version-history":[{"count":4,"href":"https:\/\/spain.wordcamp.org\/2020\/wp-json\/wp\/v2\/speakers\/3008\/revisions"}],"predecessor-version":[{"id":4280,"href":"https:\/\/spain.wordcamp.org\/2020\/wp-json\/wp\/v2\/speakers\/3008\/revisions\/4280"}],"sessions":[{"embeddable":true,"href":"https:\/\/spain.wordcamp.org\/2020\/wp-json\/wp\/v2\/sessions\/3006?_embed=1&context=view"}],"wp:attachment":[{"href":"https:\/\/spain.wordcamp.org\/2020\/wp-json\/wp\/v2\/media?parent=3008"}],"wp:term":[{"taxonomy":"wcb_speaker_group","embeddable":true,"href":"https:\/\/spain.wordcamp.org\/2020\/wp-json\/wp\/v2\/speaker_group?post=3008"}],"curies":[{"name":"wp","href":"https:\/\/api.w.org\/{rel}","templated":true}]}}

José Ramón Padrón

<p class="wp-block-paragraph">Dedicado al vertical del hosting desde hace veinte años, José Ramón es Country Manager de SiteGround en España, un conocido proveedor de servicios de hosting administrados especializados en WordPress.</p>



<p class="wp-block-paragraph">Fan incondicional de la música rock, la gastronomía y la ciencia ficción. </p>



<p class="wp-block-paragraph">Contribuye a la comunidad WordPress como co-organizador del grupo de Meetup y la WordCamp de Las Palmas de Gran Canaria y como responsable de contenido de WCEU.</p>



<p class="wp-block-paragraph"><a rel="noreferrer noopener" href="https://twitter.com/monchomad" target="_blank">@monchomad</a></p>

<p>Dedicado al vertical del hosting desde hace veinte años, José Ramón es Country Manager de SiteGround en España, un conocido proveedor de servicios de hosting administrados especializados en WordPress. Fan incondicional de la música rock, la gastronomía y la ciencia ficción. Contribuye a la comunidad WordPress como co-organizador del grupo de Meetup y la WordCamp &hellip; <a href="https://spain.wordcamp.org/2020/speaker/jose-ramon-padron/" class="more-link">Sigue leyendo<span class="screen-reader-text"> «José Ramón Padrón»</span></a></p>
