{"id":1185,"date":"2020-04-09T11:39:12","date_gmt":"2020-04-09T09:39:12","guid":{"rendered":"https:\/\/2020.spain.wordcamp.org\/?post_type=wcb_organizer&#038;p=324"},"modified":"2021-10-26T07:56:22","modified_gmt":"2021-10-26T05:56:22","slug":"francesc-barbero","status":"publish","type":"wcb_organizer","link":"https:\/\/spain.wordcamp.org\/2021\/organizer\/francesc-barbero\/","title":{"rendered":"Francesc Barbero"},"content":{"rendered":"\n<p class=\"organizer-links wp-block-paragraph\"><a rel=\"noreferrer noopener\" href=\"https:\/\/twitter.com\/BarberoSalazar\" target=\"_blank\">@BarberoSalazar<\/a><br><a href=\"https:\/\/francescbarbero.com\" target=\"_blank\" rel=\"noreferrer noopener\">francescbarbero.com<\/a><\/p>\n\n\n\n<p class=\"wp-block-paragraph\">Hago v\u00eddeos y en invierno llevo barba, siempre digo eso y me sienta bien. Usuario de WordPress a trav\u00e9s de los podcast y disfrutando cada d\u00eda m\u00e1s de todo lo que he podido hacer a trav\u00e9s de ello.<\/p>\n","protected":false},"excerpt":{"rendered":"<p>@BarberoSalazarfrancescbarbero.com Hago v\u00eddeos y en invierno llevo barba, siempre digo eso y me sienta bien. Usuario de WordPress a trav\u00e9s de los podcast y disfrutando cada d\u00eda m\u00e1s de todo lo que he podido hacer a trav\u00e9s de ello.<\/p>\n","protected":false},"featured_media":0,"template":"","meta":{"_crdt_document":"","jetpack_post_was_ever_published":false,"_wcpt_user_name":"francescbarbero","footnotes":""},"organizer_team":[43],"class_list":["post-1185","wcb_organizer","type-wcb_organizer","status-publish","hentry","wcb_organizer_team-late-night-show"],"jetpack_sharing_enabled":true,"avatar_urls":{"24":"https:\/\/secure.gravatar.com\/avatar\/1bd51d427dc67e9c742b2644271d972926b230c46d8d75b2b349b044ce4cb8f1?s=24&d=mm&r=g","48":"https:\/\/secure.gravatar.com\/avatar\/1bd51d427dc67e9c742b2644271d972926b230c46d8d75b2b349b044ce4cb8f1?s=48&d=mm&r=g","96":"https:\/\/secure.gravatar.com\/avatar\/1bd51d427dc67e9c742b2644271d972926b230c46d8d75b2b349b044ce4cb8f1?s=96&d=mm&r=g","128":"https:\/\/secure.gravatar.com\/avatar\/1bd51d427dc67e9c742b2644271d972926b230c46d8d75b2b349b044ce4cb8f1?s=128&d=mm&r=g","256":"https:\/\/secure.gravatar.com\/avatar\/1bd51d427dc67e9c742b2644271d972926b230c46d8d75b2b349b044ce4cb8f1?s=256&d=mm&r=g","512":"https:\/\/secure.gravatar.com\/avatar\/1bd51d427dc67e9c742b2644271d972926b230c46d8d75b2b349b044ce4cb8f1?s=512&d=mm&r=g"},"_links":{"self":[{"href":"https:\/\/spain.wordcamp.org\/2021\/wp-json\/wp\/v2\/organizers\/1185","targetHints":{"allow":["GET"]}}],"collection":[{"href":"https:\/\/spain.wordcamp.org\/2021\/wp-json\/wp\/v2\/organizers"}],"about":[{"href":"https:\/\/spain.wordcamp.org\/2021\/wp-json\/wp\/v2\/types\/wcb_organizer"}],"version-history":[{"count":1,"href":"https:\/\/spain.wordcamp.org\/2021\/wp-json\/wp\/v2\/organizers\/1185\/revisions"}],"predecessor-version":[{"id":6039,"href":"https:\/\/spain.wordcamp.org\/2021\/wp-json\/wp\/v2\/organizers\/1185\/revisions\/6039"}],"wp:attachment":[{"href":"https:\/\/spain.wordcamp.org\/2021\/wp-json\/wp\/v2\/media?parent=1185"}],"wp:term":[{"taxonomy":"wcb_organizer_team","embeddable":true,"href":"https:\/\/spain.wordcamp.org\/2021\/wp-json\/wp\/v2\/organizer_team?post=1185"}],"curies":[{"name":"wp","href":"https:\/\/api.w.org\/{rel}","templated":true}]}}

<p class="organizer-links wp-block-paragraph"><a rel="noreferrer noopener" href="https://twitter.com/BarberoSalazar" target="_blank">@BarberoSalazar</a><br><a href="https://francescbarbero.com" target="_blank" rel="noreferrer noopener">francescbarbero.com</a></p>



<p class="wp-block-paragraph">Hago vídeos y en invierno llevo barba, siempre digo eso y me sienta bien. Usuario de WordPress a través de los podcast y disfrutando cada día más de todo lo que he podido hacer a través de ello.</p>

<p>@BarberoSalazarfrancescbarbero.com Hago vídeos y en invierno llevo barba, siempre digo eso y me sienta bien. Usuario de WordPress a través de los podcast y disfrutando cada día más de todo lo que he podido hacer a través de ello.</p>
