{"id":1199,"date":"2020-04-09T12:30:13","date_gmt":"2020-04-09T10:30:13","guid":{"rendered":"https:\/\/2020.spain.wordcamp.org\/?post_type=wcb_organizer&#038;p=362"},"modified":"2021-10-26T07:55:59","modified_gmt":"2021-10-26T05:55:59","slug":"luis-miguel-climent","status":"publish","type":"wcb_organizer","link":"https:\/\/spain.wordcamp.org\/2021\/organizer\/luis-miguel-climent\/","title":{"rendered":"Luis Miguel Climent"},"content":{"rendered":"\n<p class=\"organizer-links wp-block-paragraph\"><a href=\"https:\/\/twitter.com\/lmcliment\" target=\"_blank\" rel=\"noreferrer noopener\">@lmcliment<\/a><br><a rel=\"noreferrer noopener\" href=\"https:\/\/artescena.com\/\" target=\"_blank\"><\/a><a href=\"https:\/\/artescena.com\/\">artescena.com<\/a><\/p>\n\n\n\n<p class=\"wp-block-paragraph\">Mitad de mi vida dedicado a hacer teatro, y la otra mitad a hacer webs.<\/p>\n\n\n\n<p class=\"wp-block-paragraph\">Desde 2014 desarrollo mi actividad como aut\u00f3nomo con la marca <em>*artescena<\/em>. Desde 2018 s\u00f3lo con <em>WordPress<\/em>.<\/p>\n\n\n\n<p class=\"wp-block-paragraph\">Actualmente, arrancando dos proyectos propios: <em>OradoresPRO<\/em> y <em>P\u00edldorasWP<\/em>.<\/p>\n","protected":false},"excerpt":{"rendered":"<p>@lmclimentartescena.com Mitad de mi vida dedicado a hacer teatro, y la otra mitad a hacer webs. Desde 2014 desarrollo mi actividad como aut\u00f3nomo con la marca *artescena. Desde 2018 s\u00f3lo con WordPress. Actualmente, arrancando dos proyectos propios: OradoresPRO y P\u00edldorasWP.<\/p>\n","protected":false},"featured_media":0,"template":"","meta":{"_crdt_document":"","jetpack_post_was_ever_published":false,"_wcpt_user_name":"lmcliment","footnotes":""},"organizer_team":[36],"class_list":["post-1199","wcb_organizer","type-wcb_organizer","status-publish","hentry","wcb_organizer_team-mentores"],"jetpack_sharing_enabled":true,"avatar_urls":{"24":"https:\/\/secure.gravatar.com\/avatar\/ffae7b7923d9fd048ad7538f0a0f5dcfc6ae7153e01615b55a8657a13dac3f85?s=24&d=mm&r=g","48":"https:\/\/secure.gravatar.com\/avatar\/ffae7b7923d9fd048ad7538f0a0f5dcfc6ae7153e01615b55a8657a13dac3f85?s=48&d=mm&r=g","96":"https:\/\/secure.gravatar.com\/avatar\/ffae7b7923d9fd048ad7538f0a0f5dcfc6ae7153e01615b55a8657a13dac3f85?s=96&d=mm&r=g","128":"https:\/\/secure.gravatar.com\/avatar\/ffae7b7923d9fd048ad7538f0a0f5dcfc6ae7153e01615b55a8657a13dac3f85?s=128&d=mm&r=g","256":"https:\/\/secure.gravatar.com\/avatar\/ffae7b7923d9fd048ad7538f0a0f5dcfc6ae7153e01615b55a8657a13dac3f85?s=256&d=mm&r=g","512":"https:\/\/secure.gravatar.com\/avatar\/ffae7b7923d9fd048ad7538f0a0f5dcfc6ae7153e01615b55a8657a13dac3f85?s=512&d=mm&r=g"},"_links":{"self":[{"href":"https:\/\/spain.wordcamp.org\/2021\/wp-json\/wp\/v2\/organizers\/1199","targetHints":{"allow":["GET"]}}],"collection":[{"href":"https:\/\/spain.wordcamp.org\/2021\/wp-json\/wp\/v2\/organizers"}],"about":[{"href":"https:\/\/spain.wordcamp.org\/2021\/wp-json\/wp\/v2\/types\/wcb_organizer"}],"version-history":[{"count":1,"href":"https:\/\/spain.wordcamp.org\/2021\/wp-json\/wp\/v2\/organizers\/1199\/revisions"}],"predecessor-version":[{"id":6038,"href":"https:\/\/spain.wordcamp.org\/2021\/wp-json\/wp\/v2\/organizers\/1199\/revisions\/6038"}],"wp:attachment":[{"href":"https:\/\/spain.wordcamp.org\/2021\/wp-json\/wp\/v2\/media?parent=1199"}],"wp:term":[{"taxonomy":"wcb_organizer_team","embeddable":true,"href":"https:\/\/spain.wordcamp.org\/2021\/wp-json\/wp\/v2\/organizer_team?post=1199"}],"curies":[{"name":"wp","href":"https:\/\/api.w.org\/{rel}","templated":true}]}}

<p class="organizer-links wp-block-paragraph"><a href="https://twitter.com/lmcliment" target="_blank" rel="noreferrer noopener">@lmcliment</a><br><a rel="noreferrer noopener" href="https://artescena.com/" target="_blank"></a><a href="https://artescena.com/">artescena.com</a></p>



<p class="wp-block-paragraph">Mitad de mi vida dedicado a hacer teatro, y la otra mitad a hacer webs.</p>



<p class="wp-block-paragraph">Desde 2014 desarrollo mi actividad como autónomo con la marca <em>*artescena</em>. Desde 2018 sólo con <em>WordPress</em>.</p>



<p class="wp-block-paragraph">Actualmente, arrancando dos proyectos propios: <em>OradoresPRO</em> y <em>PíldorasWP</em>.</p>

<p>@lmclimentartescena.com Mitad de mi vida dedicado a hacer teatro, y la otra mitad a hacer webs. Desde 2014 desarrollo mi actividad como autónomo con la marca *artescena. Desde 2018 sólo con WordPress. Actualmente, arrancando dos proyectos propios: OradoresPRO y PíldorasWP.</p>
